{"id":19073,"date":"2025-03-19T15:00:40","date_gmt":"2025-03-19T14:00:40","guid":{"rendered":"https:\/\/limage-et-le-livre.com\/boutique\/uncategorized\/erste-elsassische-mechanische-kuferei-a-g-vormals-fruhinsholz-schiltigheim-elsass\/"},"modified":"2025-03-20T14:17:16","modified_gmt":"2025-03-20T13:17:16","slug":"erste-elsassische-mechanische-kuferei-a-g-vormals-fruhinsholz-schiltigheim-elsass","status":"publish","type":"product","link":"https:\/\/limage-et-le-livre.com\/en\/books\/erste-elsassische-mechanische-kuferei-a-g-vormals-fruhinsholz-schiltigheim-elsass\/","title":{"rendered":"Erste Els\u00e4ssische Mechanische K\u00fcferei A.-G. vormals..."},"content":{"rendered":"<p>Erste Els\u00e4ssische Mechanische K\u00fcferei A.-G. vormals Fr\u00fchinsholz. Schiltigheim. Postage is calculated according to destination and weight of parcel.<\/p>\n<div id=\"gtx-trans\" style=\"position: absolute; left: -67px; top: -10px;\">\n<div class=\"gtx-trans-icon\"><\/div>\n<\/div>\n","protected":false},"excerpt":{"rendered":"<p>Erste Els\u00e4ssische Mechanische K\u00fcferei A.-G. vormals Fr\u00fchinsholz. Schiltigheim. Elsass.<\/p>\n","protected":false},"featured_media":13114,"template":"","meta":[],"product_brand":[],"product_cat":[5342],"product_tag":[5562,5561,8353],"class_list":{"0":"post-19073","1":"product","2":"type-product","3":"status-publish","4":"has-post-thumbnail","6":"product_cat-books","7":"product_tag-alsace-en","8":"product_tag-alsatique-en","9":"product_tag-schiltigheim-en","10":"pa_dimension-in-8-en","11":"pa_editeur-elsassiche-druckerei-en","12":"pa_etat-de-conservation-good","13":"pa_langue-german","14":"pa_lieu-de-publication-strasbourg-en","15":"pa_type-couverture-hard-cover","17":"first","18":"outofstock","19":"purchasable","20":"product-type-simple"},"_links":{"self":[{"href":"https:\/\/limage-et-le-livre.com\/en\/wp-json\/wp\/v2\/product\/19073","targetHints":{"allow":["GET"]}}],"collection":[{"href":"https:\/\/limage-et-le-livre.com\/en\/wp-json\/wp\/v2\/product"}],"about":[{"href":"https:\/\/limage-et-le-livre.com\/en\/wp-json\/wp\/v2\/types\/product"}],"version-history":[{"count":0,"href":"https:\/\/limage-et-le-livre.com\/en\/wp-json\/wp\/v2\/product\/19073\/revisions"}],"wp:featuredmedia":[{"embeddable":true,"href":"https:\/\/limage-et-le-livre.com\/en\/wp-json\/wp\/v2\/media\/13114"}],"wp:attachment":[{"href":"https:\/\/limage-et-le-livre.com\/en\/wp-json\/wp\/v2\/media?parent=19073"}],"wp:term":[{"taxonomy":"product_brand","embeddable":true,"href":"https:\/\/limage-et-le-livre.com\/en\/wp-json\/wp\/v2\/product_brand?post=19073"},{"taxonomy":"product_cat","embeddable":true,"href":"https:\/\/limage-et-le-livre.com\/en\/wp-json\/wp\/v2\/product_cat?post=19073"},{"taxonomy":"product_tag","embeddable":true,"href":"https:\/\/limage-et-le-livre.com\/en\/wp-json\/wp\/v2\/product_tag?post=19073"}],"curies":[{"name":"wp","href":"https:\/\/api.w.org\/{rel}","templated":true}]}}

Erste Elsässische Mechanische Küferei A.-G. vormals...

<p>Erste Elsässische Mechanische Küferei A.-G. vormals Frühinsholz. Schiltigheim. Postage is calculated according to destination and weight of parcel.</p>
<div id="gtx-trans" style="position: absolute; left: -67px; top: -10px;">
<div class="gtx-trans-icon"></div>
</div>

<p>Erste Elsässische Mechanische Küferei A.-G. vormals Frühinsholz. Schiltigheim. Elsass.</p>
