{"id":19093,"date":"2025-03-19T15:00:47","date_gmt":"2025-03-19T14:00:47","guid":{"rendered":"https:\/\/limage-et-le-livre.com\/boutique\/uncategorized\/vaterlandische-geschichte-des-elsasses-von-der-fruhesten-bis-auf-die-gegenwartige-zeit-nach-quellen-bearbeitet\/"},"modified":"2025-03-20T14:17:25","modified_gmt":"2025-03-20T13:17:25","slug":"vaterlandische-geschichte-des-elsasses-von-der-fruhesten-bis-auf-die-gegenwartige-zeit-nach-quellen-bearbeitet","status":"publish","type":"product","link":"https:\/\/limage-et-le-livre.com\/en\/books\/vaterlandische-geschichte-des-elsasses-von-der-fruhesten-bis-auf-die-gegenwartige-zeit-nach-quellen-bearbeitet\/","title":{"rendered":"Vaterl\u00e4ndische Geschichte des Elsasses, von der..."},"content":{"rendered":"<p>Strassburg, Schmidt und Grucker, 1841-1849; 6 volumes in-8 with 541, 462, 571, 489, 568 and 628 pages. Half-chagrin, spine ribbed with author, title and tomaison, decorated with cold fillets. Reversal of the tomation on the spine bindings of volumes 1 and V, slight spotting, notably on the lower board of the 6th volume, scattered foxing. Vaterl\u00e4ndische Geschichte des Elsasses, von der fr\u00fchesten bis auf die gegenw\u00e4rtige Zeit nach Quellen bearbeitet by Adam Walther Strobel, professor at the Gymnasium. The last two volumes deal with the history of Alsace during the Revolution and the Consulate by Louis Henri Engelhardt, professor of history, also at the Gymnase de Strasbourg.    <\/p>\n<div id=\"gtx-trans\" style=\"position: absolute; left: -67px; top: -10px;\">\n<div class=\"gtx-trans-icon\"><\/div>\n<\/div>\n","protected":false},"excerpt":{"rendered":"<p>Vaterl\u00e4ndische Geschichte des Elsasses. Strobel (Adam Walther). 1841 &#8211; 1849.  <\/p>\n","protected":false},"featured_media":13161,"template":"","meta":[],"product_brand":[],"product_cat":[5342],"product_tag":[5561,5560,5563],"class_list":{"0":"post-19093","1":"product","2":"type-product","3":"status-publish","4":"has-post-thumbnail","6":"product_cat-books","7":"product_tag-alsatique-en","8":"product_tag-history","9":"product_tag-strasbourg-en","10":"pa_annee-de-publication-1841-en","11":"pa_dimension-in-8-en","12":"pa_editeur-schmidt-and-grucker","13":"pa_etat-de-conservation-good","14":"pa_langue-german","15":"pa_lieu-de-publication-strasbourg-en","16":"pa_type-couverture-hard-cover","17":"pa_volume-6-en","19":"first","20":"instock","21":"purchasable","22":"product-type-simple"},"_links":{"self":[{"href":"https:\/\/limage-et-le-livre.com\/en\/wp-json\/wp\/v2\/product\/19093","targetHints":{"allow":["GET"]}}],"collection":[{"href":"https:\/\/limage-et-le-livre.com\/en\/wp-json\/wp\/v2\/product"}],"about":[{"href":"https:\/\/limage-et-le-livre.com\/en\/wp-json\/wp\/v2\/types\/product"}],"version-history":[{"count":0,"href":"https:\/\/limage-et-le-livre.com\/en\/wp-json\/wp\/v2\/product\/19093\/revisions"}],"wp:featuredmedia":[{"embeddable":true,"href":"https:\/\/limage-et-le-livre.com\/en\/wp-json\/wp\/v2\/media\/13161"}],"wp:attachment":[{"href":"https:\/\/limage-et-le-livre.com\/en\/wp-json\/wp\/v2\/media?parent=19093"}],"wp:term":[{"taxonomy":"product_brand","embeddable":true,"href":"https:\/\/limage-et-le-livre.com\/en\/wp-json\/wp\/v2\/product_brand?post=19093"},{"taxonomy":"product_cat","embeddable":true,"href":"https:\/\/limage-et-le-livre.com\/en\/wp-json\/wp\/v2\/product_cat?post=19093"},{"taxonomy":"product_tag","embeddable":true,"href":"https:\/\/limage-et-le-livre.com\/en\/wp-json\/wp\/v2\/product_tag?post=19093"}],"curies":[{"name":"wp","href":"https:\/\/api.w.org\/{rel}","templated":true}]}}

Vaterländische Geschichte des Elsasses, von der...

<p>Strassburg, Schmidt und Grucker, 1841-1849; 6 volumes in-8 with 541, 462, 571, 489, 568 and 628 pages. Half-chagrin, spine ribbed with author, title and tomaison, decorated with cold fillets. Reversal of the tomation on the spine bindings of volumes 1 and V, slight spotting, notably on the lower board of the 6th volume, scattered foxing. Vaterländische Geschichte des Elsasses, von der frühesten bis auf die gegenwärtige Zeit nach Quellen bearbeitet by Adam Walther Strobel, professor at the Gymnasium. The last two volumes deal with the history of Alsace during the Revolution and the Consulate by Louis Henri Engelhardt, professor of history, also at the Gymnase de Strasbourg.    </p>
<div id="gtx-trans" style="position: absolute; left: -67px; top: -10px;">
<div class="gtx-trans-icon"></div>
</div>

<p>Vaterländische Geschichte des Elsasses. Strobel (Adam Walther). 1841 &#8211; 1849.  </p>
