{"id":19121,"date":"2025-03-19T14:58:42","date_gmt":"2025-03-19T13:58:42","guid":{"rendered":"https:\/\/limage-et-le-livre.com\/boutique\/uncategorized\/three-eastern-provinces-lorraine-alsace-franche-comte\/"},"modified":"2025-03-20T14:20:18","modified_gmt":"2025-03-20T13:20:18","slug":"three-eastern-provinces-lorraine-alsace-franche-comte","status":"publish","type":"product","link":"https:\/\/limage-et-le-livre.com\/en\/books\/three-eastern-provinces-lorraine-alsace-franche-comte\/","title":{"rendered":"Three eastern provinces: Lorraine, Alsace, Franche-Comt\u00e9."},"content":{"rendered":"<p>Strasbourg, Paris, Editions F. &#8211; X. Le Roux, 1957; in-8, XV, 447 pages. Red half-chagrin, spine with 4 raised bands, gilt title, gilt and cold-stamped fillets. Prefaced by Charles-Edmond Perrin, member of the Institut. Off-text illustrations complete the articles, which focus on the following themes: migration and settlement; economy, finance and roads; cultural influences and religious life; contrasts and contacts. A good, well-bound copy.    <\/p>\n<div id=\"gtx-trans\" style=\"position: absolute; left: -67px; top: -10px;\">\n<div class=\"gtx-trans-icon\"><\/div>\n<\/div>\n","protected":false},"excerpt":{"rendered":"<p>Three eastern provinces: Lorraine, Alsace, Franche-Comt\u00e9. Collective, Soci\u00e9t\u00e9 Savante d&#8217;Alsace et des r\u00e9gions de l&#8217;Est. 1957.  <\/p>\n","protected":false},"featured_media":12549,"template":"","meta":[],"product_brand":[],"product_cat":[5342],"product_tag":[5562,5561,5560],"class_list":{"0":"post-19121","1":"product","2":"type-product","3":"status-publish","4":"has-post-thumbnail","6":"product_cat-books","7":"product_tag-alsace-en","8":"product_tag-alsatique-en","9":"product_tag-history","10":"pa_annee-de-publication-1957-en","11":"pa_dimension-in-8-en","12":"pa_editeur-f-x-le-roux-en","13":"pa_etat-de-conservation-very-good","14":"pa_langue-french","15":"pa_lieu-de-publication-strasbourg-paris-en","16":"pa_type-couverture-hard-cover","18":"first","19":"outofstock","20":"purchasable","21":"product-type-simple"},"_links":{"self":[{"href":"https:\/\/limage-et-le-livre.com\/en\/wp-json\/wp\/v2\/product\/19121","targetHints":{"allow":["GET"]}}],"collection":[{"href":"https:\/\/limage-et-le-livre.com\/en\/wp-json\/wp\/v2\/product"}],"about":[{"href":"https:\/\/limage-et-le-livre.com\/en\/wp-json\/wp\/v2\/types\/product"}],"version-history":[{"count":0,"href":"https:\/\/limage-et-le-livre.com\/en\/wp-json\/wp\/v2\/product\/19121\/revisions"}],"wp:featuredmedia":[{"embeddable":true,"href":"https:\/\/limage-et-le-livre.com\/en\/wp-json\/wp\/v2\/media\/12549"}],"wp:attachment":[{"href":"https:\/\/limage-et-le-livre.com\/en\/wp-json\/wp\/v2\/media?parent=19121"}],"wp:term":[{"taxonomy":"product_brand","embeddable":true,"href":"https:\/\/limage-et-le-livre.com\/en\/wp-json\/wp\/v2\/product_brand?post=19121"},{"taxonomy":"product_cat","embeddable":true,"href":"https:\/\/limage-et-le-livre.com\/en\/wp-json\/wp\/v2\/product_cat?post=19121"},{"taxonomy":"product_tag","embeddable":true,"href":"https:\/\/limage-et-le-livre.com\/en\/wp-json\/wp\/v2\/product_tag?post=19121"}],"curies":[{"name":"wp","href":"https:\/\/api.w.org\/{rel}","templated":true}]}}

Three eastern provinces: Lorraine, Alsace, Franche-Comté.

<p>Three eastern provinces: Lorraine, Alsace, Franche-Comté. Collective, Société Savante d&#8217;Alsace et des régions de l&#8217;Est. 1957.  </p>
