{"id":19136,"date":"2025-03-19T14:58:51","date_gmt":"2025-03-19T13:58:51","guid":{"rendered":"https:\/\/limage-et-le-livre.com\/boutique\/uncategorized\/picturesque-views-of-alsace\/"},"modified":"2025-03-20T14:20:29","modified_gmt":"2025-03-20T13:20:29","slug":"picturesque-views-of-alsace","status":"publish","type":"product","link":"https:\/\/limage-et-le-livre.com\/en\/books\/picturesque-views-of-alsace\/","title":{"rendered":"Picturesque views of Alsace."},"content":{"rendered":"<p>Strasbourg, Librairie Acad\u00e9mique, 1785. Small folio of 7 f., 12 plates engraved in stipple and enhanced in bistre and watercolor by Fran\u00e7ois Walter and 3 to 6 leaves of historical notes written by Abb\u00e9 Grandidier for each plate. Bound in early 20th-century half vellum with corners. Very slight foxing, small marginal restorations on page 9 of the Sainte-Marie-aux-Mines section and page 15 of the Munster section. A very fine copy, complete with all 12 plates.<\/p>\n<div id=\"gtx-trans\" style=\"position: absolute; left: -67px; top: -10px;\">\n<div class=\"gtx-trans-icon\"><\/div>\n<\/div>\n","protected":false},"excerpt":{"rendered":"<p>Picturesque views of Alsace. Grandidier (Abb\u00e9). Fran\u00e7ois Walter. 1785.  <\/p>\n","protected":false},"featured_media":12623,"template":"","meta":[],"product_brand":[],"product_cat":[5342],"product_tag":[5562,5561,5560],"class_list":{"0":"post-19136","1":"product","2":"type-product","3":"status-publish","4":"has-post-thumbnail","6":"product_cat-books","7":"product_tag-alsace-en","8":"product_tag-alsatique-en","9":"product_tag-history","10":"pa_annee-de-publication-1785-en","11":"pa_dimension-in-folio-en","12":"pa_editeur-at-librairie-academique","13":"pa_etat-de-conservation-very-good","14":"pa_illustrateur-francois-walter-en","15":"pa_langue-french","16":"pa_lieu-de-publication-strasbourg-en","17":"pa_type-couverture-hard-cover","19":"first","20":"outofstock","21":"purchasable","22":"product-type-simple"},"_links":{"self":[{"href":"https:\/\/limage-et-le-livre.com\/en\/wp-json\/wp\/v2\/product\/19136","targetHints":{"allow":["GET"]}}],"collection":[{"href":"https:\/\/limage-et-le-livre.com\/en\/wp-json\/wp\/v2\/product"}],"about":[{"href":"https:\/\/limage-et-le-livre.com\/en\/wp-json\/wp\/v2\/types\/product"}],"version-history":[{"count":0,"href":"https:\/\/limage-et-le-livre.com\/en\/wp-json\/wp\/v2\/product\/19136\/revisions"}],"wp:featuredmedia":[{"embeddable":true,"href":"https:\/\/limage-et-le-livre.com\/en\/wp-json\/wp\/v2\/media\/12623"}],"wp:attachment":[{"href":"https:\/\/limage-et-le-livre.com\/en\/wp-json\/wp\/v2\/media?parent=19136"}],"wp:term":[{"taxonomy":"product_brand","embeddable":true,"href":"https:\/\/limage-et-le-livre.com\/en\/wp-json\/wp\/v2\/product_brand?post=19136"},{"taxonomy":"product_cat","embeddable":true,"href":"https:\/\/limage-et-le-livre.com\/en\/wp-json\/wp\/v2\/product_cat?post=19136"},{"taxonomy":"product_tag","embeddable":true,"href":"https:\/\/limage-et-le-livre.com\/en\/wp-json\/wp\/v2\/product_tag?post=19136"}],"curies":[{"name":"wp","href":"https:\/\/api.w.org\/{rel}","templated":true}]}}

<p>Strasbourg, Librairie Académique, 1785. Small folio of 7 f., 12 plates engraved in stipple and enhanced in bistre and watercolor by François Walter and 3 to 6 leaves of historical notes written by Abbé Grandidier for each plate. Bound in early 20th-century half vellum with corners. Very slight foxing, small marginal restorations on page 9 of the Sainte-Marie-aux-Mines section and page 15 of the Munster section. A very fine copy, complete with all 12 plates.</p>
<div id="gtx-trans" style="position: absolute; left: -67px; top: -10px;">
<div class="gtx-trans-icon"></div>
</div>

<p>Picturesque views of Alsace. Grandidier (Abbé). François Walter. 1785.  </p>
