{"id":19359,"date":"2025-03-19T14:59:12","date_gmt":"2025-03-19T13:59:12","guid":{"rendered":"https:\/\/limage-et-le-livre.com\/boutique\/uncategorized\/seasons-of-alsace-years-1962-to-1979\/"},"modified":"2025-03-20T14:21:01","modified_gmt":"2025-03-20T13:21:01","slug":"seasons-of-alsace-years-1962-to-1979","status":"publish","type":"product","link":"https:\/\/limage-et-le-livre.com\/en\/books\/seasons-of-alsace-years-1962-to-1979\/","title":{"rendered":"Seasons of Alsace. Years 1962 to..."},"content":{"rendered":"<p>Strasbourg, Istra, 1962 &#8211; 1979; set of 18 volumes covering one complete year each, i.e. 4 issues per volume, 72 issues. Full beige cloth, title page on spine. Les Saisons d&#8217;Alsace&#8221; is a quarterly illustrated magazine covering a wide range of subjects relating to Alsace: history, art, gastronomy, science&#8230; published since 1948. A first series was published from 1948 to 1954, a second from 1962. This set of 18 volumes corresponds to the first eighteen years of the second series, from number 1 to number 72. Each volume corresponds to a full year, i.e. 4 issues. Includes Le Mus\u00e9e de l&#8217;impression sur \u00e9toffes de Mulhouse ; Napol\u00e9on et l&#8217;Alsace ; La Moyenne Alsace ; Albert Schweitzer ; Hommage \u00e0 Jean-Hans Arp ; Brumath ; Les plaisirs de l&#8217;Alsace \u00e0 table ; Le ch\u00e2teau de la Robertsau ; Gustave Stoskopf ; Pasteur \u00e0 Strasbourg ; L&#8217;arch\u00e9ologie en Alsace ; Le Bel, Pechelbronn ; Albert et Adolphe Matthis ; les Juifs d&#8217;Alsace ; La nazification en Alsace ; Les Tsiganes en Alsace&#8230; Complete with issues 1 to 72.       <\/p>\n<div id=\"gtx-trans\" style=\"position: absolute; left: -67px; top: -10px;\">\n<div class=\"gtx-trans-icon\"><\/div>\n<\/div>\n","protected":false},"excerpt":{"rendered":"<p>Seasons of Alsace. Years 1962 to 1949 (n\u00b01 to 72). <\/p>\n","protected":false},"featured_media":12721,"template":"","meta":[],"product_brand":[],"product_cat":[5342],"product_tag":[5562,5561],"class_list":{"0":"post-19359","1":"product","2":"type-product","3":"status-publish","4":"has-post-thumbnail","6":"product_cat-books","7":"product_tag-alsace-en","8":"product_tag-alsatique-en","9":"pa_annee-de-publication-1962-en","10":"pa_dimension-in-8-en","11":"pa_etat-de-conservation-very-good","12":"pa_langue-french","13":"pa_lieu-de-publication-strasbourg-en","14":"pa_type-couverture-hard-cover","15":"pa_volume-18-en","17":"first","18":"outofstock","19":"purchasable","20":"product-type-simple"},"_links":{"self":[{"href":"https:\/\/limage-et-le-livre.com\/en\/wp-json\/wp\/v2\/product\/19359","targetHints":{"allow":["GET"]}}],"collection":[{"href":"https:\/\/limage-et-le-livre.com\/en\/wp-json\/wp\/v2\/product"}],"about":[{"href":"https:\/\/limage-et-le-livre.com\/en\/wp-json\/wp\/v2\/types\/product"}],"version-history":[{"count":0,"href":"https:\/\/limage-et-le-livre.com\/en\/wp-json\/wp\/v2\/product\/19359\/revisions"}],"wp:featuredmedia":[{"embeddable":true,"href":"https:\/\/limage-et-le-livre.com\/en\/wp-json\/wp\/v2\/media\/12721"}],"wp:attachment":[{"href":"https:\/\/limage-et-le-livre.com\/en\/wp-json\/wp\/v2\/media?parent=19359"}],"wp:term":[{"taxonomy":"product_brand","embeddable":true,"href":"https:\/\/limage-et-le-livre.com\/en\/wp-json\/wp\/v2\/product_brand?post=19359"},{"taxonomy":"product_cat","embeddable":true,"href":"https:\/\/limage-et-le-livre.com\/en\/wp-json\/wp\/v2\/product_cat?post=19359"},{"taxonomy":"product_tag","embeddable":true,"href":"https:\/\/limage-et-le-livre.com\/en\/wp-json\/wp\/v2\/product_tag?post=19359"}],"curies":[{"name":"wp","href":"https:\/\/api.w.org\/{rel}","templated":true}]}}

<p>Strasbourg, Istra, 1962 &#8211; 1979; set of 18 volumes covering one complete year each, i.e. 4 issues per volume, 72 issues. Full beige cloth, title page on spine. Les Saisons d&#8217;Alsace&#8221; is a quarterly illustrated magazine covering a wide range of subjects relating to Alsace: history, art, gastronomy, science&#8230; published since 1948. A first series was published from 1948 to 1954, a second from 1962. This set of 18 volumes corresponds to the first eighteen years of the second series, from number 1 to number 72. Each volume corresponds to a full year, i.e. 4 issues. Includes Le Musée de l&#8217;impression sur étoffes de Mulhouse ; Napoléon et l&#8217;Alsace ; La Moyenne Alsace ; Albert Schweitzer ; Hommage à Jean-Hans Arp ; Brumath ; Les plaisirs de l&#8217;Alsace à table ; Le château de la Robertsau ; Gustave Stoskopf ; Pasteur à Strasbourg ; L&#8217;archéologie en Alsace ; Le Bel, Pechelbronn ; Albert et Adolphe Matthis ; les Juifs d&#8217;Alsace ; La nazification en Alsace ; Les Tsiganes en Alsace&#8230; Complete with issues 1 to 72.       </p>
<div id="gtx-trans" style="position: absolute; left: -67px; top: -10px;">
<div class="gtx-trans-icon"></div>
</div>
