{"id":19759,"date":"2025-03-19T14:57:42","date_gmt":"2025-03-19T13:57:42","guid":{"rendered":"https:\/\/limage-et-le-livre.com\/boutique\/uncategorized\/the-military-glories-of-alsace-alsatians-under-the-french-flag-military-biographies-and-stories-traits-of-bravery-and-patriotism\/"},"modified":"2025-03-19T14:57:42","modified_gmt":"2025-03-19T13:57:42","slug":"the-military-glories-of-alsace-alsatians-under-the-french-flag-military-biographies-and-stories-traits-of-bravery-and-patriotism","status":"publish","type":"product","link":"https:\/\/limage-et-le-livre.com\/en\/books\/the-military-glories-of-alsace-alsatians-under-the-french-flag-military-biographies-and-stories-traits-of-bravery-and-patriotism\/","title":{"rendered":"The military glories of Alsace. Alsatians..."},"content":{"rendered":"<p>Soci\u00e9t\u00e9 Fran\u00e7aise d&#8217;Imprimerie et de Librairie, Paris, s.d.; in-4, 320 pages. Red half-chagrin with corners, 5-rib spine, fleurons and boxes, gilt author and title. New edition. Numerous woodcuts. A very fine, well-bound copy.    <\/p>\n<div id=\"gtx-trans\" style=\"position: absolute; left: -67px; top: -10px;\">\n<div class=\"gtx-trans-icon\"><\/div>\n<\/div>\n","protected":false},"excerpt":{"rendered":"<p>The military glories of Alsace. Wirth (Joseph). <\/p>\n","protected":false},"featured_media":12247,"template":"","meta":[],"product_brand":[],"product_cat":[5342],"product_tag":[5561,5560],"class_list":{"0":"post-19759","1":"product","2":"type-product","3":"status-publish","4":"has-post-thumbnail","6":"product_cat-books","7":"product_tag-alsatique-en","8":"product_tag-history","9":"pa_dimension-in-4-en","10":"pa_editeur-societe-francaise-dimprimerie-et-de-librairie-en","11":"pa_etat-de-conservation-very-good","12":"pa_langue-french","13":"pa_lieu-de-publication-paris-en","14":"pa_type-couverture-hard-cover","16":"first","17":"outofstock","18":"purchasable","19":"product-type-simple"},"_links":{"self":[{"href":"https:\/\/limage-et-le-livre.com\/en\/wp-json\/wp\/v2\/product\/19759","targetHints":{"allow":["GET"]}}],"collection":[{"href":"https:\/\/limage-et-le-livre.com\/en\/wp-json\/wp\/v2\/product"}],"about":[{"href":"https:\/\/limage-et-le-livre.com\/en\/wp-json\/wp\/v2\/types\/product"}],"version-history":[{"count":0,"href":"https:\/\/limage-et-le-livre.com\/en\/wp-json\/wp\/v2\/product\/19759\/revisions"}],"wp:featuredmedia":[{"embeddable":true,"href":"https:\/\/limage-et-le-livre.com\/en\/wp-json\/wp\/v2\/media\/12247"}],"wp:attachment":[{"href":"https:\/\/limage-et-le-livre.com\/en\/wp-json\/wp\/v2\/media?parent=19759"}],"wp:term":[{"taxonomy":"product_brand","embeddable":true,"href":"https:\/\/limage-et-le-livre.com\/en\/wp-json\/wp\/v2\/product_brand?post=19759"},{"taxonomy":"product_cat","embeddable":true,"href":"https:\/\/limage-et-le-livre.com\/en\/wp-json\/wp\/v2\/product_cat?post=19759"},{"taxonomy":"product_tag","embeddable":true,"href":"https:\/\/limage-et-le-livre.com\/en\/wp-json\/wp\/v2\/product_tag?post=19759"}],"curies":[{"name":"wp","href":"https:\/\/api.w.org\/{rel}","templated":true}]}}

<p>Société Française d&#8217;Imprimerie et de Librairie, Paris, s.d.; in-4, 320 pages. Red half-chagrin with corners, 5-rib spine, fleurons and boxes, gilt author and title. New edition. Numerous woodcuts. A very fine, well-bound copy.    </p>
<div id="gtx-trans" style="position: absolute; left: -67px; top: -10px;">
<div class="gtx-trans-icon"></div>
</div>
