{"id":19825,"date":"2025-03-19T14:55:55","date_gmt":"2025-03-19T13:55:55","guid":{"rendered":"https:\/\/limage-et-le-livre.com\/shop\/uncategorized\/histoire-de-maurice-comte-de-saxe-duc-de-courlande-et-de-semigalle-marechal-de-courlande-et-de-semigalle-marechal-general-des-camps-et-armees-de-sa-majeste-tres-chretienne\/"},"modified":"2025-03-20T14:25:36","modified_gmt":"2025-03-20T13:25:36","slug":"histoire-de-maurice-comte-de-saxe-duc-de-courlande-et-de-semigalle-marechal-de-courlande-et-de-semigalle-marechal-general-des-camps-et-armees-de-sa-majeste-tres-chretienne","status":"publish","type":"product","link":"https:\/\/limage-et-le-livre.com\/en\/books\/histoire-de-maurice-comte-de-saxe-duc-de-courlande-et-de-semigalle-marechal-de-courlande-et-de-semigalle-marechal-general-des-camps-et-armees-de-sa-majeste-tres-chretienne\/","title":{"rendered":"Histoire De Maurice, Comte De Saxe,..."},"content":{"rendered":"<p>Paris, Saillant, Pissot, Vve Duchesne, Vve Desaint, Lesprit, 1775 ; two volumes in-12 (166 x 103 mm) ; XVI, 451 pp., 1 errata leaf and 2 f.n.ch., 473 pp., 2 f.n.ch.. Contemporary full marbled calf, smooth spine adorned with fleurons, burgundy title-piece. Slight marks on 3 leaves of volume 1. New, corrected and considerably enlarged edition by Baron d&#8217;Espagnac. The author, governor of the Invalides from 1766 to 1783, was aide-de-camp to the Mar\u00e9chal de Saxe. From the library of Mar\u00e9chal de Camp de G\u00e9nie Morlaincourt. A very fine copy.<\/p>\n<div id=\"gtx-trans\" style=\"position: absolute; left: -67px; top: -10px;\">\n<div class=\"gtx-trans-icon\"><\/div>\n<\/div>\n","protected":false},"excerpt":{"rendered":"<p>Paris, Saillant, Pissot, Vve Duchesne, Vve Desaint, Lesprit, 1775 ; two volumes in-12 (166 x 103 mm) ; XVI, 451<\/p>\n","protected":false},"featured_media":11572,"template":"","meta":[],"product_brand":[],"product_cat":[5342],"product_tag":[5560],"class_list":{"0":"post-19825","1":"product","2":"type-product","3":"status-publish","4":"has-post-thumbnail","6":"product_cat-books","7":"product_tag-history","8":"pa_annee-de-publication-1775-en","9":"pa_dimension-in-12-en","10":"pa_editeur-saillant-pissot-vve-duchesne-vve-desaint-lesprit-en","11":"pa_etat-de-conservation-very-good","12":"pa_langue-french","13":"pa_lieu-de-publication-paris-en","14":"pa_type-couverture-hard-cover","15":"pa_volume-2-en","17":"first","18":"instock","19":"purchasable","20":"product-type-simple"},"_links":{"self":[{"href":"https:\/\/limage-et-le-livre.com\/en\/wp-json\/wp\/v2\/product\/19825","targetHints":{"allow":["GET"]}}],"collection":[{"href":"https:\/\/limage-et-le-livre.com\/en\/wp-json\/wp\/v2\/product"}],"about":[{"href":"https:\/\/limage-et-le-livre.com\/en\/wp-json\/wp\/v2\/types\/product"}],"version-history":[{"count":0,"href":"https:\/\/limage-et-le-livre.com\/en\/wp-json\/wp\/v2\/product\/19825\/revisions"}],"wp:featuredmedia":[{"embeddable":true,"href":"https:\/\/limage-et-le-livre.com\/en\/wp-json\/wp\/v2\/media\/11572"}],"wp:attachment":[{"href":"https:\/\/limage-et-le-livre.com\/en\/wp-json\/wp\/v2\/media?parent=19825"}],"wp:term":[{"taxonomy":"product_brand","embeddable":true,"href":"https:\/\/limage-et-le-livre.com\/en\/wp-json\/wp\/v2\/product_brand?post=19825"},{"taxonomy":"product_cat","embeddable":true,"href":"https:\/\/limage-et-le-livre.com\/en\/wp-json\/wp\/v2\/product_cat?post=19825"},{"taxonomy":"product_tag","embeddable":true,"href":"https:\/\/limage-et-le-livre.com\/en\/wp-json\/wp\/v2\/product_tag?post=19825"}],"curies":[{"name":"wp","href":"https:\/\/api.w.org\/{rel}","templated":true}]}}

<p>Paris, Saillant, Pissot, Vve Duchesne, Vve Desaint, Lesprit, 1775 ; two volumes in-12 (166 x 103 mm) ; XVI, 451 pp., 1 errata leaf and 2 f.n.ch., 473 pp., 2 f.n.ch.. Contemporary full marbled calf, smooth spine adorned with fleurons, burgundy title-piece. Slight marks on 3 leaves of volume 1. New, corrected and considerably enlarged edition by Baron d&#8217;Espagnac. The author, governor of the Invalides from 1766 to 1783, was aide-de-camp to the Maréchal de Saxe. From the library of Maréchal de Camp de Génie Morlaincourt. A very fine copy.</p>
<div id="gtx-trans" style="position: absolute; left: -67px; top: -10px;">
<div class="gtx-trans-icon"></div>
</div>
