{"id":19890,"date":"2025-03-19T14:56:24","date_gmt":"2025-03-19T13:56:24","guid":{"rendered":"https:\/\/limage-et-le-livre.com\/shop\/uncategorized\/dictionnaire-portatif-des-theatres-contenant-lorigine-des-differents-theatres-de-paris\/"},"modified":"2025-03-20T17:49:28","modified_gmt":"2025-03-20T16:49:28","slug":"dictionnaire-portatif-des-theatres-contenant-lorigine-des-differents-theatres-de-paris","status":"publish","type":"product","link":"https:\/\/limage-et-le-livre.com\/en\/books\/literature\/dictionnaire-portatif-des-theatres-contenant-lorigine-des-differents-theatres-de-paris\/","title":{"rendered":"Dictionnaire Portatif Des Theatres, Contenant L&#8217;Origine..."},"content":{"rendered":"<p>Paris, Jombert, 1754. In-8 (171x110mm), XLVIII, 557 pp. 1 f.n.ch.. Bound in full marbled calf, smooth spine decorated with small irons, title page, red edges. Covers dulled and corners rubbed, good condition inside. On the upper cover, &#8220;G. Chambrette&#8221; in gilt letters, Gabriel Chambrette, whose family is linked to the history of the Lun\u00e9ville and Saint-Cl\u00e9ment earthenware factories. First edition of this reference work by theater historian Antoine de L\u00e9ris.<\/p>\n<div id=\"gtx-trans\" style=\"position: absolute; left: -67px; top: -10px;\">\n<div class=\"gtx-trans-icon\"><\/div>\n<\/div>\n","protected":false},"excerpt":{"rendered":"<p>Paris, Jombert, 1754. In-8 (171x110mm), XLVIII, 557 pp. 1 f.n.ch.. Bound in full marbled calf, smooth spine decorated with small<\/p>\n","protected":false},"featured_media":11743,"template":"","meta":[],"product_brand":[],"product_cat":[5342,5351],"product_tag":[5560,7875,8312],"class_list":{"0":"post-19890","1":"product","2":"type-product","3":"status-publish","4":"has-post-thumbnail","6":"product_cat-books","7":"product_cat-literature","8":"product_tag-history","9":"product_tag-literature","10":"product_tag-theater","11":"pa_annee-de-publication-1754-en","12":"pa_dimension-in-8-en","13":"pa_editeur-chez-a-jombert-en","14":"pa_etat-de-conservation-good","15":"pa_langue-french","16":"pa_lieu-de-publication-paris-en","17":"pa_type-couverture-hard-cover","19":"first","20":"outofstock","21":"purchasable","22":"product-type-simple"},"_links":{"self":[{"href":"https:\/\/limage-et-le-livre.com\/en\/wp-json\/wp\/v2\/product\/19890","targetHints":{"allow":["GET"]}}],"collection":[{"href":"https:\/\/limage-et-le-livre.com\/en\/wp-json\/wp\/v2\/product"}],"about":[{"href":"https:\/\/limage-et-le-livre.com\/en\/wp-json\/wp\/v2\/types\/product"}],"version-history":[{"count":0,"href":"https:\/\/limage-et-le-livre.com\/en\/wp-json\/wp\/v2\/product\/19890\/revisions"}],"wp:featuredmedia":[{"embeddable":true,"href":"https:\/\/limage-et-le-livre.com\/en\/wp-json\/wp\/v2\/media\/11743"}],"wp:attachment":[{"href":"https:\/\/limage-et-le-livre.com\/en\/wp-json\/wp\/v2\/media?parent=19890"}],"wp:term":[{"taxonomy":"product_brand","embeddable":true,"href":"https:\/\/limage-et-le-livre.com\/en\/wp-json\/wp\/v2\/product_brand?post=19890"},{"taxonomy":"product_cat","embeddable":true,"href":"https:\/\/limage-et-le-livre.com\/en\/wp-json\/wp\/v2\/product_cat?post=19890"},{"taxonomy":"product_tag","embeddable":true,"href":"https:\/\/limage-et-le-livre.com\/en\/wp-json\/wp\/v2\/product_tag?post=19890"}],"curies":[{"name":"wp","href":"https:\/\/api.w.org\/{rel}","templated":true}]}}

<p>Paris, Jombert, 1754. In-8 (171x110mm), XLVIII, 557 pp. 1 f.n.ch.. Bound in full marbled calf, smooth spine decorated with small irons, title page, red edges. Covers dulled and corners rubbed, good condition inside. On the upper cover, &#8220;G. Chambrette&#8221; in gilt letters, Gabriel Chambrette, whose family is linked to the history of the Lunéville and Saint-Clément earthenware factories. First edition of this reference work by theater historian Antoine de Léris.</p>
<div id="gtx-trans" style="position: absolute; left: -67px; top: -10px;">
<div class="gtx-trans-icon"></div>
</div>
