{"id":21146,"date":"2025-04-09T11:14:50","date_gmt":"2025-04-09T09:14:50","guid":{"rendered":"https:\/\/limage-et-le-livre.com\/?post_type=product&#038;p=21146"},"modified":"2026-03-12T16:09:03","modified_gmt":"2026-03-12T15:09:03","slug":"contes-dapres-midi","status":"publish","type":"product","link":"https:\/\/limage-et-le-livre.com\/en\/livres\/litterature\/contes-dapres-midi\/","title":{"rendered":"Contes d&#8217;apr\u00e8s-midi"},"content":{"rendered":"<p>Paris, Calmann L\u00e9vy, 1893 ; in-12 de 392 pp.. Demi-maroquin \u00e0 coins sign\u00e9, dos lisse, auteur et titre dor\u00e9s, date en queue.L\u00e9g\u00e8re insolation du dos. Edition originale, 1 des 5 exemplaires sur papier Imp\u00e9rial du Japon, seul grand papier, ici le n\u00b01. Couvertures et dos conserv\u00e9s, exemplaire non rogn\u00e9.<\/p>\n","protected":false},"excerpt":{"rendered":"<p>Contes d&#8217;apr\u00e8s-midi. RICARD (Jules). 1893. Exemplaire n\u00b01 sur Japon.<\/p>\n","protected":false},"featured_media":21158,"template":"","meta":[],"product_brand":[],"product_cat":[5123,5114],"product_tag":[768,10042,9566],"class_list":{"0":"post-21146","1":"product","2":"type-product","3":"status-publish","4":"has-post-thumbnail","6":"product_cat-litterature","7":"product_cat-livres","8":"product_tag-edition-originale","9":"product_tag-grand-papier","10":"product_tag-litterature-francaise","11":"product_shipping_class-cat-livraison-2","12":"pa_annee-de-publication-299","13":"pa_dimension-in-12","14":"pa_editeur-calmann-levy","15":"pa_etat-de-conservation-tres-bon","16":"pa_langue-francais","17":"pa_lieu-de-publication-paris","19":"first","20":"outofstock","21":"shipping-taxable","22":"purchasable","23":"product-type-simple"},"_links":{"self":[{"href":"https:\/\/limage-et-le-livre.com\/en\/wp-json\/wp\/v2\/product\/21146","targetHints":{"allow":["GET"]}}],"collection":[{"href":"https:\/\/limage-et-le-livre.com\/en\/wp-json\/wp\/v2\/product"}],"about":[{"href":"https:\/\/limage-et-le-livre.com\/en\/wp-json\/wp\/v2\/types\/product"}],"version-history":[{"count":1,"href":"https:\/\/limage-et-le-livre.com\/en\/wp-json\/wp\/v2\/product\/21146\/revisions"}],"predecessor-version":[{"id":21561,"href":"https:\/\/limage-et-le-livre.com\/en\/wp-json\/wp\/v2\/product\/21146\/revisions\/21561"}],"wp:featuredmedia":[{"embeddable":true,"href":"https:\/\/limage-et-le-livre.com\/en\/wp-json\/wp\/v2\/media\/21158"}],"wp:attachment":[{"href":"https:\/\/limage-et-le-livre.com\/en\/wp-json\/wp\/v2\/media?parent=21146"}],"wp:term":[{"taxonomy":"product_brand","embeddable":true,"href":"https:\/\/limage-et-le-livre.com\/en\/wp-json\/wp\/v2\/product_brand?post=21146"},{"taxonomy":"product_cat","embeddable":true,"href":"https:\/\/limage-et-le-livre.com\/en\/wp-json\/wp\/v2\/product_cat?post=21146"},{"taxonomy":"product_tag","embeddable":true,"href":"https:\/\/limage-et-le-livre.com\/en\/wp-json\/wp\/v2\/product_tag?post=21146"}],"curies":[{"name":"wp","href":"https:\/\/api.w.org\/{rel}","templated":true}]}}

Contes d&#8217;après-midi

<p>Paris, Calmann Lévy, 1893 ; in-12 de 392 pp.. Demi-maroquin à coins signé, dos lisse, auteur et titre dorés, date en queue.Légère insolation du dos. Edition originale, 1 des 5 exemplaires sur papier Impérial du Japon, seul grand papier, ici le n°1. Couvertures et dos conservés, exemplaire non rogné.</p>

<p>Contes d&#8217;après-midi. RICARD (Jules). 1893. Exemplaire n°1 sur Japon.</p>
