{"id":21376,"date":"2025-06-03T14:26:52","date_gmt":"2025-06-03T12:26:52","guid":{"rendered":"https:\/\/limage-et-le-livre.com\/?post_type=product&#038;p=21376"},"modified":"2026-03-12T16:08:23","modified_gmt":"2026-03-12T15:08:23","slug":"les-francine-createurs-des-eaux-de-versailles-intendants-des-eaux-et-fontaines-de-france-de-1623-a-1784","status":"publish","type":"product","link":"https:\/\/limage-et-le-livre.com\/en\/livres\/beaux-arts\/les-francine-createurs-des-eaux-de-versailles-intendants-des-eaux-et-fontaines-de-france-de-1623-a-1784\/","title":{"rendered":"Les Francine, cr\u00e9ateurs des eaux de..."},"content":{"rendered":"<p>Paris, Editions Auguste Picard, 1930 ; in-8 de XIII + 209 pp.. Exemplaire broch\u00e9, couverture imprim\u00e9e. Edition originale, bien compl\u00e8te des 17 planches hors-texte. Etude sur la famille des Francine, cr\u00e9ateurs des eaux de Versailles et intendants des &#8220;eaux du Roi&#8221;.<\/p>\n","protected":false},"excerpt":{"rendered":"<p>Les Francine, cr\u00e9ateurs des eaux de Versailles, intendants des eaux et fontaines de France de 1623 \u00e0 1784. MOUSSET (Albert). 1930.<\/p>\n","protected":false},"featured_media":21358,"template":"","meta":[],"product_brand":[],"product_cat":[5125,5114],"product_tag":[8602,10089,10088,10087],"class_list":{"0":"post-21376","1":"product","2":"type-product","3":"status-publish","4":"has-post-thumbnail","6":"product_cat-beaux-arts","7":"product_cat-livres","8":"product_tag-fontaine","9":"product_tag-jardin","10":"product_tag-les-francine","11":"product_tag-versailles","12":"product_shipping_class-cat-livraison-2","13":"pa_annee-de-publication-2714","14":"pa_dimension-in-8","15":"pa_editeur-editions-auguste-picard","16":"pa_etat-de-conservation-bon","17":"pa_langue-francais","18":"pa_lieu-de-publication-paris","19":"pa_type-couverture-couverture-souple","21":"first","22":"outofstock","23":"shipping-taxable","24":"purchasable","25":"product-type-simple"},"_links":{"self":[{"href":"https:\/\/limage-et-le-livre.com\/en\/wp-json\/wp\/v2\/product\/21376","targetHints":{"allow":["GET"]}}],"collection":[{"href":"https:\/\/limage-et-le-livre.com\/en\/wp-json\/wp\/v2\/product"}],"about":[{"href":"https:\/\/limage-et-le-livre.com\/en\/wp-json\/wp\/v2\/types\/product"}],"version-history":[{"count":2,"href":"https:\/\/limage-et-le-livre.com\/en\/wp-json\/wp\/v2\/product\/21376\/revisions"}],"predecessor-version":[{"id":21378,"href":"https:\/\/limage-et-le-livre.com\/en\/wp-json\/wp\/v2\/product\/21376\/revisions\/21378"}],"wp:featuredmedia":[{"embeddable":true,"href":"https:\/\/limage-et-le-livre.com\/en\/wp-json\/wp\/v2\/media\/21358"}],"wp:attachment":[{"href":"https:\/\/limage-et-le-livre.com\/en\/wp-json\/wp\/v2\/media?parent=21376"}],"wp:term":[{"taxonomy":"product_brand","embeddable":true,"href":"https:\/\/limage-et-le-livre.com\/en\/wp-json\/wp\/v2\/product_brand?post=21376"},{"taxonomy":"product_cat","embeddable":true,"href":"https:\/\/limage-et-le-livre.com\/en\/wp-json\/wp\/v2\/product_cat?post=21376"},{"taxonomy":"product_tag","embeddable":true,"href":"https:\/\/limage-et-le-livre.com\/en\/wp-json\/wp\/v2\/product_tag?post=21376"}],"curies":[{"name":"wp","href":"https:\/\/api.w.org\/{rel}","templated":true}]}}

Les Francine, créateurs des eaux de...

<p>Paris, Editions Auguste Picard, 1930 ; in-8 de XIII + 209 pp.. Exemplaire broché, couverture imprimée. Edition originale, bien complète des 17 planches hors-texte. Etude sur la famille des Francine, créateurs des eaux de Versailles et intendants des &#8220;eaux du Roi&#8221;.</p>

<p>Les Francine, créateurs des eaux de Versailles, intendants des eaux et fontaines de France de 1623 à 1784. MOUSSET (Albert). 1930.</p>
