{"id":21566,"date":"2025-09-12T14:16:17","date_gmt":"2025-09-12T12:16:17","guid":{"rendered":"https:\/\/limage-et-le-livre.com\/?post_type=product&#038;p=21566"},"modified":"2026-03-12T16:08:51","modified_gmt":"2026-03-12T15:08:51","slug":"paris-vue-du-cabinet-dhistoire-naturelle-au-jardin-des-plantes","status":"publish","type":"product","link":"https:\/\/limage-et-le-livre.com\/en\/prints-and-engravings\/prints\/cartography-and-travel\/france-en-2\/paris-and-ile-de-france\/paris-vue-du-cabinet-dhistoire-naturelle-au-jardin-des-plantes\/","title":{"rendered":"[Paris] Vue du Cabinet d&#8217;Histoire naturelle..."},"content":{"rendered":"<p>Vue du Cabinet d&#8217;Histoire naturelle au Jardin des Plantes. Gravure sur cuivre. XVIII\u00e8me si\u00e8cle. Coloris d&#8217;\u00e9poque. A Paris chez Basset rue St Jacques N\u00b064. Dimension du feuillet : 338 x 486 mm. Dimension du sujet : 240 x 394 mm. Quelques plis et l\u00e9g\u00e8res petites t\u00e2ches sur le motif, marges tach\u00e9es et une d\u00e9chirure dans chaque angle. Vue d&#8217;optique.<\/p>\n","protected":false},"excerpt":{"rendered":"<p>[Paris] Vue du Cabinet d&#8217;Histoire naturelle au Jardin des Plantes. Gravure sur cuivre. XVIII\u00e8me si\u00e8cle.<\/p>\n","protected":false},"featured_media":21564,"template":"","meta":[],"product_brand":[],"product_cat":[5160,5159,5121,5158,5245,5280],"product_tag":[10147,1044,1161],"class_list":{"0":"post-21566","1":"product","2":"type-product","3":"status-publish","4":"has-post-thumbnail","6":"product_cat-cartographie-et-voyage","7":"product_cat-estampes","8":"product_cat-france","9":"product_cat-gravures-et-estampes","10":"product_cat-paris","11":"product_cat-paris-et-ile-de-france","12":"product_tag-jardin-des-plantes","13":"product_tag-paris","14":"product_tag-vue-doptique","15":"product_shipping_class-cat-livraison-3","16":"pa_editeur-basset","17":"pa_etat-de-conservation-assez-bon","18":"pa_langue-francais","19":"pa_lieu-de-publication-paris","20":"pa_type-couverture-pas-de-couverture","22":"first","23":"outofstock","24":"shipping-taxable","25":"purchasable","26":"product-type-simple"},"_links":{"self":[{"href":"https:\/\/limage-et-le-livre.com\/en\/wp-json\/wp\/v2\/product\/21566","targetHints":{"allow":["GET"]}}],"collection":[{"href":"https:\/\/limage-et-le-livre.com\/en\/wp-json\/wp\/v2\/product"}],"about":[{"href":"https:\/\/limage-et-le-livre.com\/en\/wp-json\/wp\/v2\/types\/product"}],"version-history":[{"count":2,"href":"https:\/\/limage-et-le-livre.com\/en\/wp-json\/wp\/v2\/product\/21566\/revisions"}],"predecessor-version":[{"id":21568,"href":"https:\/\/limage-et-le-livre.com\/en\/wp-json\/wp\/v2\/product\/21566\/revisions\/21568"}],"wp:featuredmedia":[{"embeddable":true,"href":"https:\/\/limage-et-le-livre.com\/en\/wp-json\/wp\/v2\/media\/21564"}],"wp:attachment":[{"href":"https:\/\/limage-et-le-livre.com\/en\/wp-json\/wp\/v2\/media?parent=21566"}],"wp:term":[{"taxonomy":"product_brand","embeddable":true,"href":"https:\/\/limage-et-le-livre.com\/en\/wp-json\/wp\/v2\/product_brand?post=21566"},{"taxonomy":"product_cat","embeddable":true,"href":"https:\/\/limage-et-le-livre.com\/en\/wp-json\/wp\/v2\/product_cat?post=21566"},{"taxonomy":"product_tag","embeddable":true,"href":"https:\/\/limage-et-le-livre.com\/en\/wp-json\/wp\/v2\/product_tag?post=21566"}],"curies":[{"name":"wp","href":"https:\/\/api.w.org\/{rel}","templated":true}]}}

<p>Vue du Cabinet d&#8217;Histoire naturelle au Jardin des Plantes. Gravure sur cuivre. XVIIIème siècle. Coloris d&#8217;époque. A Paris chez Basset rue St Jacques N°64. Dimension du feuillet : 338 x 486 mm. Dimension du sujet : 240 x 394 mm. Quelques plis et légères petites tâches sur le motif, marges tachées et une déchirure dans chaque angle. Vue d&#8217;optique.</p>

<p>[Paris] Vue du Cabinet d&#8217;Histoire naturelle au Jardin des Plantes. Gravure sur cuivre. XVIIIème siècle.</p>
