{"id":21667,"date":"2025-10-24T15:56:13","date_gmt":"2025-10-24T13:56:13","guid":{"rendered":"https:\/\/limage-et-le-livre.com\/?post_type=product&#038;p=21667"},"modified":"2026-04-08T14:10:29","modified_gmt":"2026-04-08T12:10:29","slug":"parallele-entre-zwingli-et-calvin","status":"publish","type":"product","link":"https:\/\/limage-et-le-livre.com\/en\/books\/religion-en\/parallele-entre-zwingli-et-calvin\/","title":{"rendered":"Parall\u00e8le entre Zwingli et Calvin."},"content":{"rendered":"<p><strong>Strasbourg, Schuler, 1832<\/strong><\/p>\n<p><p>Strasbourg, De l&#8217;imprimerie de G. L. Schuler, 1832 ; in-4 de 18 pp. sous couverture d&#8217;attente. Petites d\u00e9chirures sur la couverture, rousseurs. Dissertation pr\u00e9sent\u00e9e \u00e0 la Facult\u00e9 de Th\u00e9ologie de Strasbourg, et soutenue publiquement le Vendredi 18 18 Mai 1832 (\u2026) pour obtenir le grade de bachelier en th\u00e9ologie.<\/p>\n<\/p>\n<p><small>Le prix du port est calcule selon la destination et le poids du colis.<\/small><\/p>\n","protected":false},"excerpt":{"rendered":"<p>Parall\u00e8le entre Zwingli et Calvin. FLACH (Henri). 1832.<\/p>\n","protected":false},"featured_media":23619,"template":"","meta":[],"product_brand":[],"product_cat":[5114,5134],"product_tag":[10163,8422,5573,10164],"class_list":{"0":"post-21667","1":"product","2":"type-product","3":"status-publish","4":"has-post-thumbnail","6":"product_cat-livres","7":"product_cat-religion","8":"product_tag-calvin","9":"product_tag-protestantisme","10":"product_tag-reforme","11":"product_tag-zwingli","12":"product_shipping_class-cat-livraison-1","13":"pa_annee-de-publication-1139","14":"pa_editeur-schuler","15":"pa_etat-de-conservation-assez-bon","16":"pa_langue-francais","17":"pa_lieu-de-publication-strasbourg","18":"pa_type-couverture-couverture-souple","20":"first","21":"instock","22":"shipping-taxable","23":"purchasable","24":"product-type-simple"},"_links":{"self":[{"href":"https:\/\/limage-et-le-livre.com\/en\/wp-json\/wp\/v2\/product\/21667","targetHints":{"allow":["GET"]}}],"collection":[{"href":"https:\/\/limage-et-le-livre.com\/en\/wp-json\/wp\/v2\/product"}],"about":[{"href":"https:\/\/limage-et-le-livre.com\/en\/wp-json\/wp\/v2\/types\/product"}],"version-history":[{"count":3,"href":"https:\/\/limage-et-le-livre.com\/en\/wp-json\/wp\/v2\/product\/21667\/revisions"}],"predecessor-version":[{"id":23623,"href":"https:\/\/limage-et-le-livre.com\/en\/wp-json\/wp\/v2\/product\/21667\/revisions\/23623"}],"wp:featuredmedia":[{"embeddable":true,"href":"https:\/\/limage-et-le-livre.com\/en\/wp-json\/wp\/v2\/media\/23619"}],"wp:attachment":[{"href":"https:\/\/limage-et-le-livre.com\/en\/wp-json\/wp\/v2\/media?parent=21667"}],"wp:term":[{"taxonomy":"product_brand","embeddable":true,"href":"https:\/\/limage-et-le-livre.com\/en\/wp-json\/wp\/v2\/product_brand?post=21667"},{"taxonomy":"product_cat","embeddable":true,"href":"https:\/\/limage-et-le-livre.com\/en\/wp-json\/wp\/v2\/product_cat?post=21667"},{"taxonomy":"product_tag","embeddable":true,"href":"https:\/\/limage-et-le-livre.com\/en\/wp-json\/wp\/v2\/product_tag?post=21667"}],"curies":[{"name":"wp","href":"https:\/\/api.w.org\/{rel}","templated":true}]}}

Parallèle entre Zwingli et Calvin.

<p><strong>Strasbourg, Schuler, 1832</strong></p>
<p><p>Strasbourg, De l&#8217;imprimerie de G. L. Schuler, 1832 ; in-4 de 18 pp. sous couverture d&#8217;attente. Petites déchirures sur la couverture, rousseurs. Dissertation présentée à la Faculté de Théologie de Strasbourg, et soutenue publiquement le Vendredi 18 18 Mai 1832 (…) pour obtenir le grade de bachelier en théologie.</p>
</p>
<p><small>Le prix du port est calcule selon la destination et le poids du colis.</small></p>

<p>Parallèle entre Zwingli et Calvin. FLACH (Henri). 1832.</p>
