{"id":21673,"date":"2025-10-24T16:32:11","date_gmt":"2025-10-24T14:32:11","guid":{"rendered":"https:\/\/limage-et-le-livre.com\/?post_type=product&#038;p=21673"},"modified":"2026-02-13T16:02:25","modified_gmt":"2026-02-13T15:02:25","slug":"lorenzaccio","status":"publish","type":"product","link":"https:\/\/limage-et-le-livre.com\/en\/livres\/litterature\/illustres\/lorenzaccio\/","title":{"rendered":"Lorenzaccio"},"content":{"rendered":"<p>S. l., Editions Andr\u00e9 Vial, 1967 ; in-4 de 159 pp.en feuilles. Plein cuir maroquin\u00e9, dos \u00e0 nerfs, auteur et titre en lettre dor\u00e9s, plat sup\u00e9rieur illustr\u00e9 reprenant le motif de la couverture de l&#8217;\u00e9diteur, sous \u00e9tui bord\u00e9. Dos l\u00e9g\u00e8rement insol\u00e9. Tirage limit\u00e9 \u00e0 105 exemplaires num\u00e9rot\u00e9s, un des 80 exemplaires sur v\u00e9lin de Rives, n\u00b079. Ouvrage illustr\u00e9 de 12 gouaches originales hors texte en couleurs sign\u00e9es par l&#8217;artiste. Yvette Alde (1911, Paris &#8211; 1967, Paris), \u00e9l\u00e8ve de Charles Picart Le Doux, fut une peintre et lithographe de la Nouvelle Ecole de Paris. Ce titre fut le dernier ouvrage qu&#8217;elle illustra. La reliure a \u00e9t\u00e9 r\u00e9alis\u00e9e par la reliure d&#8217;art &#8220;Au poin\u00e7on d&#8217;or&#8221;.<\/p>\n","protected":false},"excerpt":{"rendered":"<p>Lorenzaccio. MUSSET (Alfred de). Gouaches originales de Yvette Alde. 1967.<\/p>\n","protected":false},"featured_media":21653,"template":"","meta":[],"product_brand":[],"product_cat":[5178,5154],"product_tag":[10171,10172,9566,8536],"class_list":{"0":"post-21673","1":"product","2":"type-product","3":"status-publish","4":"has-post-thumbnail","6":"product_cat-illustres","7":"product_cat-theatre-litterature","8":"product_tag-alfred-de-musset","9":"product_tag-gouache-originale","10":"product_tag-litterature-francaise","11":"product_tag-litterature-illustree","12":"product_shipping_class-cat-livraison-4","13":"pa_annee-de-publication-3933","14":"pa_dimension-in-folio","15":"pa_editeur-andre-vial","16":"pa_etat-de-conservation-tres-bon","17":"pa_illustrateur-yvette-alde","18":"pa_langue-francais","19":"pa_type-couverture-couverture-rigide","21":"first","22":"outofstock","23":"shipping-taxable","24":"purchasable","25":"product-type-simple"},"_links":{"self":[{"href":"https:\/\/limage-et-le-livre.com\/en\/wp-json\/wp\/v2\/product\/21673","targetHints":{"allow":["GET"]}}],"collection":[{"href":"https:\/\/limage-et-le-livre.com\/en\/wp-json\/wp\/v2\/product"}],"about":[{"href":"https:\/\/limage-et-le-livre.com\/en\/wp-json\/wp\/v2\/types\/product"}],"version-history":[{"count":5,"href":"https:\/\/limage-et-le-livre.com\/en\/wp-json\/wp\/v2\/product\/21673\/revisions"}],"predecessor-version":[{"id":22440,"href":"https:\/\/limage-et-le-livre.com\/en\/wp-json\/wp\/v2\/product\/21673\/revisions\/22440"}],"wp:featuredmedia":[{"embeddable":true,"href":"https:\/\/limage-et-le-livre.com\/en\/wp-json\/wp\/v2\/media\/21653"}],"wp:attachment":[{"href":"https:\/\/limage-et-le-livre.com\/en\/wp-json\/wp\/v2\/media?parent=21673"}],"wp:term":[{"taxonomy":"product_brand","embeddable":true,"href":"https:\/\/limage-et-le-livre.com\/en\/wp-json\/wp\/v2\/product_brand?post=21673"},{"taxonomy":"product_cat","embeddable":true,"href":"https:\/\/limage-et-le-livre.com\/en\/wp-json\/wp\/v2\/product_cat?post=21673"},{"taxonomy":"product_tag","embeddable":true,"href":"https:\/\/limage-et-le-livre.com\/en\/wp-json\/wp\/v2\/product_tag?post=21673"}],"curies":[{"name":"wp","href":"https:\/\/api.w.org\/{rel}","templated":true}]}}

<p>S. l., Editions André Vial, 1967 ; in-4 de 159 pp.en feuilles. Plein cuir maroquiné, dos à nerfs, auteur et titre en lettre dorés, plat supérieur illustré reprenant le motif de la couverture de l&#8217;éditeur, sous étui bordé. Dos légèrement insolé. Tirage limité à 105 exemplaires numérotés, un des 80 exemplaires sur vélin de Rives, n°79. Ouvrage illustré de 12 gouaches originales hors texte en couleurs signées par l&#8217;artiste. Yvette Alde (1911, Paris &#8211; 1967, Paris), élève de Charles Picart Le Doux, fut une peintre et lithographe de la Nouvelle Ecole de Paris. Ce titre fut le dernier ouvrage qu&#8217;elle illustra. La reliure a été réalisée par la reliure d&#8217;art &#8220;Au poinçon d&#8217;or&#8221;.</p>
