{"id":22009,"date":"2025-12-10T16:21:06","date_gmt":"2025-12-10T15:21:06","guid":{"rendered":"https:\/\/limage-et-le-livre.com\/?post_type=product&#038;p=22009"},"modified":"2025-12-10T16:21:06","modified_gmt":"2025-12-10T15:21:06","slug":"recherches-sur-lalsace-napoleonienne-2","status":"publish","type":"product","link":"https:\/\/limage-et-le-livre.com\/en\/books\/alsatique-en\/recherches-sur-lalsace-napoleonienne-2\/","title":{"rendered":"Recherches sur l&#8217;Alsace Napol\u00e9onienne."},"content":{"rendered":"<p>Strasbourg, Librairie Istra, 1947 ; in-8 de XV et 709 pages. Demi-toile \u00e0 coins, dos original coll\u00e9 au dos. Quelques marques de pliures dans le papier, marques sur la toile. Premier plat et dos conserv\u00e9s.<\/p>\n","protected":false},"excerpt":{"rendered":"<p>Recherches sur l&#8217;Alsace Napol\u00e9onienne. L&#8217;HUILLIER (Fernand). 1947.<\/p>\n","protected":false},"featured_media":21992,"template":"","meta":[],"product_brand":[],"product_cat":[5147],"product_tag":[877,870,652,9719,8580],"class_list":{"0":"post-22009","1":"product","2":"type-product","3":"status-publish","4":"has-post-thumbnail","6":"product_cat-alsatique","7":"product_tag-alsace","8":"product_tag-alsatique","9":"product_tag-histoire","10":"product_tag-ier-empire","11":"product_tag-napoleon-ier","12":"product_shipping_class-cat-livraison-3","13":"pa_annee-de-publication-1078","14":"pa_dimension-in-8","15":"pa_editeur-librairie-istra","16":"pa_etat-de-conservation-assez-bon","17":"pa_langue-francais","18":"pa_lieu-de-publication-strasbourg","19":"pa_type-couverture-couverture-rigide","21":"first","22":"instock","23":"shipping-taxable","24":"purchasable","25":"product-type-simple"},"_links":{"self":[{"href":"https:\/\/limage-et-le-livre.com\/en\/wp-json\/wp\/v2\/product\/22009","targetHints":{"allow":["GET"]}}],"collection":[{"href":"https:\/\/limage-et-le-livre.com\/en\/wp-json\/wp\/v2\/product"}],"about":[{"href":"https:\/\/limage-et-le-livre.com\/en\/wp-json\/wp\/v2\/types\/product"}],"version-history":[{"count":2,"href":"https:\/\/limage-et-le-livre.com\/en\/wp-json\/wp\/v2\/product\/22009\/revisions"}],"predecessor-version":[{"id":22011,"href":"https:\/\/limage-et-le-livre.com\/en\/wp-json\/wp\/v2\/product\/22009\/revisions\/22011"}],"wp:featuredmedia":[{"embeddable":true,"href":"https:\/\/limage-et-le-livre.com\/en\/wp-json\/wp\/v2\/media\/21992"}],"wp:attachment":[{"href":"https:\/\/limage-et-le-livre.com\/en\/wp-json\/wp\/v2\/media?parent=22009"}],"wp:term":[{"taxonomy":"product_brand","embeddable":true,"href":"https:\/\/limage-et-le-livre.com\/en\/wp-json\/wp\/v2\/product_brand?post=22009"},{"taxonomy":"product_cat","embeddable":true,"href":"https:\/\/limage-et-le-livre.com\/en\/wp-json\/wp\/v2\/product_cat?post=22009"},{"taxonomy":"product_tag","embeddable":true,"href":"https:\/\/limage-et-le-livre.com\/en\/wp-json\/wp\/v2\/product_tag?post=22009"}],"curies":[{"name":"wp","href":"https:\/\/api.w.org\/{rel}","templated":true}]}}

Recherches sur l&#8217;Alsace Napoléonienne.

<p>Strasbourg, Librairie Istra, 1947 ; in-8 de XV et 709 pages. Demi-toile à coins, dos original collé au dos. Quelques marques de pliures dans le papier, marques sur la toile. Premier plat et dos conservés.</p>

<p>Recherches sur l&#8217;Alsace Napoléonienne. L&#8217;HUILLIER (Fernand). 1947.</p>
