{"id":22049,"date":"2026-01-08T10:54:29","date_gmt":"2026-01-08T09:54:29","guid":{"rendered":"https:\/\/limage-et-le-livre.com\/?post_type=product&#038;p=22049"},"modified":"2026-03-12T16:07:21","modified_gmt":"2026-03-12T15:07:21","slug":"regnum-hungariae-cum-contiguis-regionibus","status":"publish","type":"product","link":"https:\/\/limage-et-le-livre.com\/en\/varia-en\/regnum-hungariae-cum-contiguis-regionibus\/","title":{"rendered":"Regnum Hungari\u00e6 cum contiguis regionibus"},"content":{"rendered":"<p>Regnum Hungari\u00e6 cum contiguis regionibus. Grav\u00e9e par Haupt. 1738. Gravure sur cuivre. Coloris main. Marge inf\u00e9rieure courte. Dimension du feuillet : 160 x 207 mm. Dimension au coup de planche : 144 x 182 mm. Belle \u00e9preuve sur papier verg\u00e9.<\/p>\n","protected":false},"excerpt":{"rendered":"<p>Regnum Hungari\u00e6 cum contiguis regionibus. Haupt. 1738.<\/p>\n","protected":false},"featured_media":22038,"template":"","meta":[],"product_brand":[],"product_cat":[5223],"product_tag":[3262,9389],"class_list":{"0":"post-22049","1":"product","2":"type-product","3":"status-publish","4":"has-post-thumbnail","6":"product_cat-varia","7":"product_tag-carte-ancienne","8":"product_tag-hongrie","9":"product_shipping_class-cat-livraison-2","10":"pa_annee-de-publication-10233","11":"pa_etat-de-conservation-bon","12":"pa_type-couverture-pas-de-couverture","14":"first","15":"instock","16":"shipping-taxable","17":"purchasable","18":"product-type-simple"},"_links":{"self":[{"href":"https:\/\/limage-et-le-livre.com\/en\/wp-json\/wp\/v2\/product\/22049","targetHints":{"allow":["GET"]}}],"collection":[{"href":"https:\/\/limage-et-le-livre.com\/en\/wp-json\/wp\/v2\/product"}],"about":[{"href":"https:\/\/limage-et-le-livre.com\/en\/wp-json\/wp\/v2\/types\/product"}],"version-history":[{"count":2,"href":"https:\/\/limage-et-le-livre.com\/en\/wp-json\/wp\/v2\/product\/22049\/revisions"}],"predecessor-version":[{"id":22051,"href":"https:\/\/limage-et-le-livre.com\/en\/wp-json\/wp\/v2\/product\/22049\/revisions\/22051"}],"wp:featuredmedia":[{"embeddable":true,"href":"https:\/\/limage-et-le-livre.com\/en\/wp-json\/wp\/v2\/media\/22038"}],"wp:attachment":[{"href":"https:\/\/limage-et-le-livre.com\/en\/wp-json\/wp\/v2\/media?parent=22049"}],"wp:term":[{"taxonomy":"product_brand","embeddable":true,"href":"https:\/\/limage-et-le-livre.com\/en\/wp-json\/wp\/v2\/product_brand?post=22049"},{"taxonomy":"product_cat","embeddable":true,"href":"https:\/\/limage-et-le-livre.com\/en\/wp-json\/wp\/v2\/product_cat?post=22049"},{"taxonomy":"product_tag","embeddable":true,"href":"https:\/\/limage-et-le-livre.com\/en\/wp-json\/wp\/v2\/product_tag?post=22049"}],"curies":[{"name":"wp","href":"https:\/\/api.w.org\/{rel}","templated":true}]}}

Regnum Hungariæ cum contiguis regionibus

<p>Regnum Hungariæ cum contiguis regionibus. Gravée par Haupt. 1738. Gravure sur cuivre. Coloris main. Marge inférieure courte. Dimension du feuillet : 160 x 207 mm. Dimension au coup de planche : 144 x 182 mm. Belle épreuve sur papier vergé.</p>

<p>Regnum Hungariæ cum contiguis regionibus. Haupt. 1738.</p>
