{"id":22111,"date":"2026-01-13T18:02:37","date_gmt":"2026-01-13T17:02:37","guid":{"rendered":"https:\/\/limage-et-le-livre.com\/?post_type=product&#038;p=22111"},"modified":"2026-03-12T16:07:39","modified_gmt":"2026-03-12T15:07:39","slug":"versailles-la-grotte-de-thetis","status":"publish","type":"product","link":"https:\/\/limage-et-le-livre.com\/en\/varia-en\/versailles-la-grotte-de-thetis\/","title":{"rendered":"Versailles \u2013 La grotte de Th\u00e9tis"},"content":{"rendered":"<p>Versailles \u2013 La grotte de Th\u00e9tis. Circa 1690. Adam et Gabriel PERELLE. Gravure sur cuivre. Epreuve sur verg\u00e9, \u00e9dit\u00e9e par Nicolas Langlois, \u00e0 Paris. Tr\u00e8s l\u00e9g\u00e8re marque de pli vertical central mais peu visible. Trois petites t\u00e2ches, peu marqu\u00e9es. Dimension au coup de planche : 18,8 cm x 28,4 cm. Dimension du feuillet : 20,7 cm X 31 cm. La grotte de T\u00e9thys est construite en 1666 et fait partie du premier Versailles rocaille et baroque. La grille centrale est orn\u00e9e d\u2019un soleil et sept reliefs en d\u00e9corent l\u2019attique. La grotte est c\u00e9l\u00e9br\u00e9e par Quinault et Lully en 1668 dans un op\u00e9ra mettant en sc\u00e8ne des bergers s\u2019y rendant \u00ab pour y faire une Feste rustique \u00bb. La Fontaine lui consacre un po\u00e8me. Madelaine de Scud\u00e9ry la consid\u00e8re comme \u00ab le plus bel endroit de Versailles \u00bb tandis que F\u00e9libien y voit un \u00ab lieu o\u00f9 l\u2019art travaille seul et que la nature semble avoir abandonn\u00e9 \u00bb. L\u2019\u00e9difice est d\u00e9truit en 1684 lors de la construction de l\u2019aile nord.<\/p>\n","protected":false},"excerpt":{"rendered":"<p>Versailles \u2013 La grotte de Th\u00e9tis. Adam et Gabriel PERELLE. Circa 1690.<\/p>\n","protected":false},"featured_media":22109,"template":"","meta":[],"product_brand":[],"product_cat":[5223],"product_tag":[8602,10089,10260,9416,8397,10256,10087],"class_list":{"0":"post-22111","1":"product","2":"type-product","3":"status-publish","4":"has-post-thumbnail","6":"product_cat-varia","7":"product_tag-fontaine","8":"product_tag-jardin","9":"product_tag-le-notre","10":"product_tag-louis-xiv","11":"product_tag-mythologie","12":"product_tag-perelle","13":"product_tag-versailles","14":"product_shipping_class-cat-livraison-3","15":"pa_annee-de-publication-10253","16":"pa_editeur-langlois","17":"pa_etat-de-conservation-bon","18":"pa_lieu-de-publication-paris","19":"pa_type-couverture-pas-de-couverture","21":"first","22":"instock","23":"shipping-taxable","24":"purchasable","25":"product-type-simple"},"_links":{"self":[{"href":"https:\/\/limage-et-le-livre.com\/en\/wp-json\/wp\/v2\/product\/22111","targetHints":{"allow":["GET"]}}],"collection":[{"href":"https:\/\/limage-et-le-livre.com\/en\/wp-json\/wp\/v2\/product"}],"about":[{"href":"https:\/\/limage-et-le-livre.com\/en\/wp-json\/wp\/v2\/types\/product"}],"version-history":[{"count":3,"href":"https:\/\/limage-et-le-livre.com\/en\/wp-json\/wp\/v2\/product\/22111\/revisions"}],"predecessor-version":[{"id":22115,"href":"https:\/\/limage-et-le-livre.com\/en\/wp-json\/wp\/v2\/product\/22111\/revisions\/22115"}],"wp:featuredmedia":[{"embeddable":true,"href":"https:\/\/limage-et-le-livre.com\/en\/wp-json\/wp\/v2\/media\/22109"}],"wp:attachment":[{"href":"https:\/\/limage-et-le-livre.com\/en\/wp-json\/wp\/v2\/media?parent=22111"}],"wp:term":[{"taxonomy":"product_brand","embeddable":true,"href":"https:\/\/limage-et-le-livre.com\/en\/wp-json\/wp\/v2\/product_brand?post=22111"},{"taxonomy":"product_cat","embeddable":true,"href":"https:\/\/limage-et-le-livre.com\/en\/wp-json\/wp\/v2\/product_cat?post=22111"},{"taxonomy":"product_tag","embeddable":true,"href":"https:\/\/limage-et-le-livre.com\/en\/wp-json\/wp\/v2\/product_tag?post=22111"}],"curies":[{"name":"wp","href":"https:\/\/api.w.org\/{rel}","templated":true}]}}

Versailles – La grotte de Thétis

<p>Versailles – La grotte de Thétis. Circa 1690. Adam et Gabriel PERELLE. Gravure sur cuivre. Epreuve sur vergé, éditée par Nicolas Langlois, à Paris. Très légère marque de pli vertical central mais peu visible. Trois petites tâches, peu marquées. Dimension au coup de planche : 18,8 cm x 28,4 cm. Dimension du feuillet : 20,7 cm X 31 cm. La grotte de Téthys est construite en 1666 et fait partie du premier Versailles rocaille et baroque. La grille centrale est ornée d’un soleil et sept reliefs en décorent l’attique. La grotte est célébrée par Quinault et Lully en 1668 dans un opéra mettant en scène des bergers s’y rendant « pour y faire une Feste rustique ». La Fontaine lui consacre un poème. Madelaine de Scudéry la considère comme « le plus bel endroit de Versailles » tandis que Félibien y voit un « lieu où l’art travaille seul et que la nature semble avoir abandonné ». L’édifice est détruit en 1684 lors de la construction de l’aile nord.</p>

<p>Versailles – La grotte de Thétis. Adam et Gabriel PERELLE. Circa 1690.</p>
