{"id":22122,"date":"2026-01-14T18:09:16","date_gmt":"2026-01-14T17:09:16","guid":{"rendered":"https:\/\/limage-et-le-livre.com\/?post_type=product&#038;p=22122"},"modified":"2026-03-12T16:07:21","modified_gmt":"2026-03-12T15:07:21","slug":"chateau-de-chantilly-le-haut-des-cascades-de-chantilly","status":"publish","type":"product","link":"https:\/\/limage-et-le-livre.com\/en\/varia-en\/chateau-de-chantilly-le-haut-des-cascades-de-chantilly\/","title":{"rendered":"Ch\u00e2teau de Chantilly \u2013 Le haut..."},"content":{"rendered":"<p>Ch\u00e2teau de Chantilly \u2013 Le haut des cascades de Chantilly. Circa 1690. Adam et Gabriel PERELLE. Gravure sur cuivre. Tr\u00e8s belle \u00e9preuve sur verg\u00e9, \u00e9dit\u00e9e par Mariette \u00e0 Paris. Tr\u00e8s l\u00e9g\u00e8re aur\u00e9ole dans le bord de la cuvette. Dimension au coup de planche : 22,9 cm x 32 cm \u00e0 la cuvette. Dimension du feuillet : 26,2 cm x 33,9 cm. Les cascades de Chantilly ont \u00e9t\u00e9 con\u00e7ues par Andr\u00e9 Le N\u00f4tre. Les jardins anglais qui les entourent sont eux post\u00e9rieurs.<\/p>\n","protected":false},"excerpt":{"rendered":"<p>Ch\u00e2teau de Chantilly \u2013 Le haut des cascades de Chantilly. Adam et Gabriel PERELLE. Circa 1690.<\/p>\n","protected":false},"featured_media":22105,"template":"","meta":[],"product_brand":[],"product_cat":[5223],"product_tag":[10262,8602,10089,10260],"class_list":{"0":"post-22122","1":"product","2":"type-product","3":"status-publish","4":"has-post-thumbnail","6":"product_cat-varia","7":"product_tag-chantilly","8":"product_tag-fontaine","9":"product_tag-jardin","10":"product_tag-le-notre","11":"product_shipping_class-cat-livraison-3","12":"pa_annee-de-publication-10253","13":"pa_editeur-mariette","14":"pa_etat-de-conservation-tres-bon","15":"pa_lieu-de-publication-paris","16":"pa_type-couverture-pas-de-couverture","18":"first","19":"instock","20":"shipping-taxable","21":"purchasable","22":"product-type-simple"},"_links":{"self":[{"href":"https:\/\/limage-et-le-livre.com\/en\/wp-json\/wp\/v2\/product\/22122","targetHints":{"allow":["GET"]}}],"collection":[{"href":"https:\/\/limage-et-le-livre.com\/en\/wp-json\/wp\/v2\/product"}],"about":[{"href":"https:\/\/limage-et-le-livre.com\/en\/wp-json\/wp\/v2\/types\/product"}],"version-history":[{"count":2,"href":"https:\/\/limage-et-le-livre.com\/en\/wp-json\/wp\/v2\/product\/22122\/revisions"}],"predecessor-version":[{"id":22124,"href":"https:\/\/limage-et-le-livre.com\/en\/wp-json\/wp\/v2\/product\/22122\/revisions\/22124"}],"wp:featuredmedia":[{"embeddable":true,"href":"https:\/\/limage-et-le-livre.com\/en\/wp-json\/wp\/v2\/media\/22105"}],"wp:attachment":[{"href":"https:\/\/limage-et-le-livre.com\/en\/wp-json\/wp\/v2\/media?parent=22122"}],"wp:term":[{"taxonomy":"product_brand","embeddable":true,"href":"https:\/\/limage-et-le-livre.com\/en\/wp-json\/wp\/v2\/product_brand?post=22122"},{"taxonomy":"product_cat","embeddable":true,"href":"https:\/\/limage-et-le-livre.com\/en\/wp-json\/wp\/v2\/product_cat?post=22122"},{"taxonomy":"product_tag","embeddable":true,"href":"https:\/\/limage-et-le-livre.com\/en\/wp-json\/wp\/v2\/product_tag?post=22122"}],"curies":[{"name":"wp","href":"https:\/\/api.w.org\/{rel}","templated":true}]}}

Château de Chantilly – Le haut...

<p>Château de Chantilly – Le haut des cascades de Chantilly. Circa 1690. Adam et Gabriel PERELLE. Gravure sur cuivre. Très belle épreuve sur vergé, éditée par Mariette à Paris. Très légère auréole dans le bord de la cuvette. Dimension au coup de planche : 22,9 cm x 32 cm à la cuvette. Dimension du feuillet : 26,2 cm x 33,9 cm. Les cascades de Chantilly ont été conçues par André Le Nôtre. Les jardins anglais qui les entourent sont eux postérieurs.</p>

<p>Château de Chantilly – Le haut des cascades de Chantilly. Adam et Gabriel PERELLE. Circa 1690.</p>
