{"id":22125,"date":"2026-01-14T18:28:49","date_gmt":"2026-01-14T17:28:49","guid":{"rendered":"https:\/\/limage-et-le-livre.com\/?post_type=product&#038;p=22125"},"modified":"2026-03-12T16:08:45","modified_gmt":"2026-03-12T15:08:45","slug":"place-de-la-cathedrale-a-fribourg-en-brisgau-allemagne-bade-wurtemberg","status":"publish","type":"product","link":"https:\/\/limage-et-le-livre.com\/en\/varia-en\/place-de-la-cathedrale-a-fribourg-en-brisgau-allemagne-bade-wurtemberg\/","title":{"rendered":"Place de la Cath\u00e9drale \u00e0 Fribourg-en-Brisgau..."},"content":{"rendered":"<p>Place de la Cath\u00e9drale \u00e0 Fribourg-en-Brisgau (Allemagne, Bade-Wurtemberg). Pointe s\u00e8che originale de Johannes Thiel (1889 &#8211; 1962) sur papier Japon. Beau tirage avant la lettre, sign\u00e9 au crayon en bas \u00e0 droite. Signature \u00e9galement dans la plaque. Dimension du feuillet : 24 x 29 cm. Dimension au coup de planche : 13 x 22 cm. Johannes Thiel est un graveur et artiste, ayant \u00e9tudi\u00e9 \u00e0 Munich et Stuttgart connu pour ses illustrations des auteurs classiques et ses vues de villes.<\/p>\n","protected":false},"excerpt":{"rendered":"<p>Place de la Cath\u00e9drale \u00e0 Fribourg-en-Brisgau (Allemagne, Bade-Wurtemberg). Pointe s\u00e8che originale de Johannes Thiel (1889 &#8211; 1962) sur papier Japon. XX\u00e8me si\u00e8cle.<\/p>\n","protected":false},"featured_media":22107,"template":"","meta":[],"product_brand":[],"product_cat":[5223],"product_tag":[834,8433,10264,673],"class_list":{"0":"post-22125","1":"product","2":"type-product","3":"status-publish","4":"has-post-thumbnail","6":"product_cat-varia","7":"product_tag-allemagne","8":"product_tag-artiste","9":"product_tag-fribourg-en-brisgau","10":"product_tag-pointe-seche","11":"product_shipping_class-cat-livraison-2","12":"pa_etat-de-conservation-bon","13":"pa_type-couverture-pas-de-couverture","15":"first","16":"instock","17":"shipping-taxable","18":"purchasable","19":"product-type-simple"},"_links":{"self":[{"href":"https:\/\/limage-et-le-livre.com\/en\/wp-json\/wp\/v2\/product\/22125","targetHints":{"allow":["GET"]}}],"collection":[{"href":"https:\/\/limage-et-le-livre.com\/en\/wp-json\/wp\/v2\/product"}],"about":[{"href":"https:\/\/limage-et-le-livre.com\/en\/wp-json\/wp\/v2\/types\/product"}],"version-history":[{"count":3,"href":"https:\/\/limage-et-le-livre.com\/en\/wp-json\/wp\/v2\/product\/22125\/revisions"}],"predecessor-version":[{"id":22128,"href":"https:\/\/limage-et-le-livre.com\/en\/wp-json\/wp\/v2\/product\/22125\/revisions\/22128"}],"wp:featuredmedia":[{"embeddable":true,"href":"https:\/\/limage-et-le-livre.com\/en\/wp-json\/wp\/v2\/media\/22107"}],"wp:attachment":[{"href":"https:\/\/limage-et-le-livre.com\/en\/wp-json\/wp\/v2\/media?parent=22125"}],"wp:term":[{"taxonomy":"product_brand","embeddable":true,"href":"https:\/\/limage-et-le-livre.com\/en\/wp-json\/wp\/v2\/product_brand?post=22125"},{"taxonomy":"product_cat","embeddable":true,"href":"https:\/\/limage-et-le-livre.com\/en\/wp-json\/wp\/v2\/product_cat?post=22125"},{"taxonomy":"product_tag","embeddable":true,"href":"https:\/\/limage-et-le-livre.com\/en\/wp-json\/wp\/v2\/product_tag?post=22125"}],"curies":[{"name":"wp","href":"https:\/\/api.w.org\/{rel}","templated":true}]}}

Place de la Cathédrale à Fribourg-en-Brisgau...

<p>Place de la Cathédrale à Fribourg-en-Brisgau (Allemagne, Bade-Wurtemberg). Pointe sèche originale de Johannes Thiel (1889 &#8211; 1962) sur papier Japon. Beau tirage avant la lettre, signé au crayon en bas à droite. Signature également dans la plaque. Dimension du feuillet : 24 x 29 cm. Dimension au coup de planche : 13 x 22 cm. Johannes Thiel est un graveur et artiste, ayant étudié à Munich et Stuttgart connu pour ses illustrations des auteurs classiques et ses vues de villes.</p>

<p>Place de la Cathédrale à Fribourg-en-Brisgau (Allemagne, Bade-Wurtemberg). Pointe sèche originale de Johannes Thiel (1889 &#8211; 1962) sur papier Japon. XXème siècle.</p>
