{"id":22194,"date":"2026-01-17T17:33:22","date_gmt":"2026-01-17T16:33:22","guid":{"rendered":"https:\/\/limage-et-le-livre.com\/?post_type=product&#038;p=22194"},"modified":"2026-03-12T16:07:19","modified_gmt":"2026-03-12T15:07:19","slug":"portrait-de-pierre-le-grand","status":"publish","type":"product","link":"https:\/\/limage-et-le-livre.com\/en\/varia-en\/portrait-de-pierre-le-grand\/","title":{"rendered":"Portrait de Pierre le Grand"},"content":{"rendered":"<p>Portrait de Pierre le Grand. Grav\u00e9 par Bernhard Vogel (1683, Nuremberg &#8211; 1737, Augsbourg). 1737. Mani\u00e8re noire. Epreuve sur papier verg\u00e9. Rousseurs marginales, infime manque sous la l\u00e8vre inf\u00e9rieure. Dimension du feuillet : 460 x 333 mm. Dimension au coup de planche : 350 x 258 mm. Portrait de Pierre Ier de Russie d&#8217;apr\u00e8s une peinture de Johann Kupezky (1666\/67 \u2013 1740).<\/p>\n","protected":false},"excerpt":{"rendered":"<p>Portrait de Pierre le Grand. Grav\u00e9 par Bernhard Vogel (1683, Nuremberg &#8211; 1737, Augsbourg). 1737. Mani\u00e8re noire.<\/p>\n","protected":false},"featured_media":22188,"template":"","meta":[],"product_brand":[],"product_cat":[5223],"product_tag":[10239,10281,9310,8951,10282],"class_list":{"0":"post-22194","1":"product","2":"type-product","3":"status-publish","4":"has-post-thumbnail","6":"product_cat-varia","7":"product_tag-maniere-noire","8":"product_tag-pierre-le-grand","9":"product_tag-portrait","10":"product_tag-russie","11":"product_tag-tsar","12":"product_shipping_class-cat-livraison-3","13":"pa_annee-de-publication-10279","14":"pa_etat-de-conservation-bon","15":"pa_type-couverture-pas-de-couverture","17":"first","18":"instock","19":"shipping-taxable","20":"purchasable","21":"product-type-simple"},"_links":{"self":[{"href":"https:\/\/limage-et-le-livre.com\/en\/wp-json\/wp\/v2\/product\/22194","targetHints":{"allow":["GET"]}}],"collection":[{"href":"https:\/\/limage-et-le-livre.com\/en\/wp-json\/wp\/v2\/product"}],"about":[{"href":"https:\/\/limage-et-le-livre.com\/en\/wp-json\/wp\/v2\/types\/product"}],"version-history":[{"count":2,"href":"https:\/\/limage-et-le-livre.com\/en\/wp-json\/wp\/v2\/product\/22194\/revisions"}],"predecessor-version":[{"id":22196,"href":"https:\/\/limage-et-le-livre.com\/en\/wp-json\/wp\/v2\/product\/22194\/revisions\/22196"}],"wp:featuredmedia":[{"embeddable":true,"href":"https:\/\/limage-et-le-livre.com\/en\/wp-json\/wp\/v2\/media\/22188"}],"wp:attachment":[{"href":"https:\/\/limage-et-le-livre.com\/en\/wp-json\/wp\/v2\/media?parent=22194"}],"wp:term":[{"taxonomy":"product_brand","embeddable":true,"href":"https:\/\/limage-et-le-livre.com\/en\/wp-json\/wp\/v2\/product_brand?post=22194"},{"taxonomy":"product_cat","embeddable":true,"href":"https:\/\/limage-et-le-livre.com\/en\/wp-json\/wp\/v2\/product_cat?post=22194"},{"taxonomy":"product_tag","embeddable":true,"href":"https:\/\/limage-et-le-livre.com\/en\/wp-json\/wp\/v2\/product_tag?post=22194"}],"curies":[{"name":"wp","href":"https:\/\/api.w.org\/{rel}","templated":true}]}}

<p>Portrait de Pierre le Grand. Gravé par Bernhard Vogel (1683, Nuremberg &#8211; 1737, Augsbourg). 1737. Manière noire. Epreuve sur papier vergé. Rousseurs marginales, infime manque sous la lèvre inférieure. Dimension du feuillet : 460 x 333 mm. Dimension au coup de planche : 350 x 258 mm. Portrait de Pierre Ier de Russie d&#8217;après une peinture de Johann Kupezky (1666/67 – 1740).</p>

<p>Portrait de Pierre le Grand. Gravé par Bernhard Vogel (1683, Nuremberg &#8211; 1737, Augsbourg). 1737. Manière noire.</p>
