{"id":22197,"date":"2026-01-20T18:04:22","date_gmt":"2026-01-20T17:04:22","guid":{"rendered":"https:\/\/limage-et-le-livre.com\/?post_type=product&#038;p=22197"},"modified":"2026-04-08T14:11:44","modified_gmt":"2026-04-08T12:11:44","slug":"denys-dhalicarnasse-dionysii-halicarnassei-antiquitatum-rom-libri-xi-ab-aemilio-porto-recens-post-aliorum-interpretationes-latine-redditi-relie-a-la-suite-de-rerum-inventoribus-scriptores","status":"publish","type":"product","link":"https:\/\/limage-et-le-livre.com\/en\/livres\/histoire\/denys-dhalicarnasse-dionysii-halicarnassei-antiquitatum-rom-libri-xi-ab-aemilio-porto-recens-post-aliorum-interpretationes-latine-redditi-relie-a-la-suite-de-rerum-inventoribus-scriptores\/","title":{"rendered":"(Denys d&#8217;HALICARNASSE) Dionysii Halicarnassei. Antiquitatum Rom...."},"content":{"rendered":"<p><strong>Jacob Stoer, 1603<\/strong><\/p>\n<p><p>Sl., Jacob Stoer, 1603 ; fort in-18 de (16) ff. n. ch. dont le titre + 1010 pp. + (15) ff n. ch. d&#8217;index nominum. V\u00e9lin ivoire d&#8217;\u00e9poque, dos lisse avec titre manuscrit. Reli\u00e9 \u00e0 la suite : De Rerum inventoribus scriptores varii. Prosa et carmine. C. Plinius. Alexander Sardus. M. Anton. Sabellicus. Sl. Jacob Stoer, 1604. 126 pp + 1 ff.<\/p>\n<\/p>\n<p><small>Le prix du port est calcule selon la destination et le poids du colis.<\/small><\/p>\n","protected":false},"excerpt":{"rendered":"<p>(Denys d&rsquo;HALICARNASSE) Dionysii Halicarnassei. Antiquitatum Rom. Libri XI. Ab Aemilio Porto recens &amp; post aliorum interpretationes latin\u00e8 redditi. 1603. Reli\u00e9 \u00e0 la suite : De Rerum inventoribus scriptores varii. Prosa et carmine. C. Plinius. Alexander Sardus. M. Anton. Sabellicus. 1604.<\/p>\n","protected":false},"featured_media":23761,"template":"","meta":[],"product_brand":[],"product_cat":[5128,5114],"product_tag":[10289,1330,9326,10286,652,10288,10287],"class_list":{"0":"post-22197","1":"product","2":"type-product","3":"status-publish","4":"has-post-thumbnail","6":"product_cat-histoire","7":"product_cat-livres","8":"product_tag-alessandro-sardi","9":"product_tag-antiquite","10":"product_tag-antiquite-romaine","11":"product_tag-denys-dhalicarnasse","12":"product_tag-histoire","13":"product_tag-marco-antonio-coccio-sabellico","14":"product_tag-pline-le-jeune","15":"product_shipping_class-cat-livraison-2","16":"pa_annee-de-publication-10283","17":"pa_editeur-jacob-stoer","18":"pa_etat-de-conservation-bon","19":"pa_langue-latin","20":"pa_type-couverture-couverture-rigide","22":"first","23":"instock","24":"shipping-taxable","25":"purchasable","26":"product-type-simple"},"_links":{"self":[{"href":"https:\/\/limage-et-le-livre.com\/en\/wp-json\/wp\/v2\/product\/22197","targetHints":{"allow":["GET"]}}],"collection":[{"href":"https:\/\/limage-et-le-livre.com\/en\/wp-json\/wp\/v2\/product"}],"about":[{"href":"https:\/\/limage-et-le-livre.com\/en\/wp-json\/wp\/v2\/types\/product"}],"version-history":[{"count":4,"href":"https:\/\/limage-et-le-livre.com\/en\/wp-json\/wp\/v2\/product\/22197\/revisions"}],"predecessor-version":[{"id":23771,"href":"https:\/\/limage-et-le-livre.com\/en\/wp-json\/wp\/v2\/product\/22197\/revisions\/23771"}],"wp:featuredmedia":[{"embeddable":true,"href":"https:\/\/limage-et-le-livre.com\/en\/wp-json\/wp\/v2\/media\/23761"}],"wp:attachment":[{"href":"https:\/\/limage-et-le-livre.com\/en\/wp-json\/wp\/v2\/media?parent=22197"}],"wp:term":[{"taxonomy":"product_brand","embeddable":true,"href":"https:\/\/limage-et-le-livre.com\/en\/wp-json\/wp\/v2\/product_brand?post=22197"},{"taxonomy":"product_cat","embeddable":true,"href":"https:\/\/limage-et-le-livre.com\/en\/wp-json\/wp\/v2\/product_cat?post=22197"},{"taxonomy":"product_tag","embeddable":true,"href":"https:\/\/limage-et-le-livre.com\/en\/wp-json\/wp\/v2\/product_tag?post=22197"}],"curies":[{"name":"wp","href":"https:\/\/api.w.org\/{rel}","templated":true}]}}

<p><strong>Jacob Stoer, 1603</strong></p>
<p><p>Sl., Jacob Stoer, 1603 ; fort in-18 de (16) ff. n. ch. dont le titre + 1010 pp. + (15) ff n. ch. d&#8217;index nominum. Vélin ivoire d&#8217;époque, dos lisse avec titre manuscrit. Relié à la suite : De Rerum inventoribus scriptores varii. Prosa et carmine. C. Plinius. Alexander Sardus. M. Anton. Sabellicus. Sl. Jacob Stoer, 1604. 126 pp + 1 ff.</p>
</p>
<p><small>Le prix du port est calcule selon la destination et le poids du colis.</small></p>

<p>(Denys d&rsquo;HALICARNASSE) Dionysii Halicarnassei. Antiquitatum Rom. Libri XI. Ab Aemilio Porto recens &amp; post aliorum interpretationes latinè redditi. 1603. Relié à la suite : De Rerum inventoribus scriptores varii. Prosa et carmine. C. Plinius. Alexander Sardus. M. Anton. Sabellicus. 1604.</p>
