{"id":22225,"date":"2026-01-29T16:08:46","date_gmt":"2026-01-29T15:08:46","guid":{"rendered":"https:\/\/limage-et-le-livre.com\/?post_type=product&#038;p=22225"},"modified":"2026-04-01T15:38:54","modified_gmt":"2026-04-01T13:38:54","slug":"histoire-politique-et-religieuse-de-haguenau-2","status":"publish","type":"product","link":"https:\/\/limage-et-le-livre.com\/en\/livres\/alsatique\/histoire-politique-et-religieuse-de-haguenau-2\/","title":{"rendered":"Histoire politique et religieuse de Haguenau"},"content":{"rendered":"<p>Rixheim, Imprimerie de A. Sutter, 1876 ; 2 volumes in-8 de XX + 581 + 507 pp. Plein chagrin vert bouteille d\u2019\u00e9poque, dos \u00e0 nerfs, caissons dor\u00e9s, avec auteur, titre et tomaison dor\u00e9s. Triple filet d\u2019encadrement dor\u00e9 sur les plats, filet sur les coupes, roulette sur les chasses. Quelques frottements et rousseurs \u00e9parses. Deux volumes bien complet des 10 eaux-fortes hors-texte. Etude par l&#8217;abb\u00e9 Guerber, cur\u00e9 de l&#8217;\u00e9glise Saint-Georges de Haguenau. Bel exemplaire dans une jolie reliure sign\u00e9e Charles Wenger, relieur \u00e0 Strasbourg.<\/p>\n","protected":false},"excerpt":{"rendered":"<p>Histoire politique et religieuse de Haguenau. Guerber (Victor). 1876.<\/p>\n","protected":false},"featured_media":22219,"template":"","meta":[],"product_brand":[],"product_cat":[5147,5128],"product_tag":[877,870,8654,964,652,8652],"class_list":{"0":"post-22225","1":"product","2":"type-product","3":"status-publish","4":"has-post-thumbnail","6":"product_cat-alsatique","7":"product_cat-histoire","8":"product_tag-alsace","9":"product_tag-alsatique","10":"product_tag-decapole","11":"product_tag-haguenau","12":"product_tag-histoire","13":"product_tag-hohenstaufen","14":"product_shipping_class-cat-livraison-4","15":"pa_annee-de-publication-2688","16":"pa_dimension-in-8","17":"pa_editeur-imprimerie-de-a-sutter","18":"pa_etat-de-conservation-bon","19":"pa_langue-francais","20":"pa_lieu-de-publication-rixheim","21":"pa_type-couverture-couverture-rigide","22":"pa_volume-620","24":"first","25":"outofstock","26":"shipping-taxable","27":"purchasable","28":"product-type-simple"},"_links":{"self":[{"href":"https:\/\/limage-et-le-livre.com\/en\/wp-json\/wp\/v2\/product\/22225","targetHints":{"allow":["GET"]}}],"collection":[{"href":"https:\/\/limage-et-le-livre.com\/en\/wp-json\/wp\/v2\/product"}],"about":[{"href":"https:\/\/limage-et-le-livre.com\/en\/wp-json\/wp\/v2\/types\/product"}],"version-history":[{"count":3,"href":"https:\/\/limage-et-le-livre.com\/en\/wp-json\/wp\/v2\/product\/22225\/revisions"}],"predecessor-version":[{"id":22228,"href":"https:\/\/limage-et-le-livre.com\/en\/wp-json\/wp\/v2\/product\/22225\/revisions\/22228"}],"wp:featuredmedia":[{"embeddable":true,"href":"https:\/\/limage-et-le-livre.com\/en\/wp-json\/wp\/v2\/media\/22219"}],"wp:attachment":[{"href":"https:\/\/limage-et-le-livre.com\/en\/wp-json\/wp\/v2\/media?parent=22225"}],"wp:term":[{"taxonomy":"product_brand","embeddable":true,"href":"https:\/\/limage-et-le-livre.com\/en\/wp-json\/wp\/v2\/product_brand?post=22225"},{"taxonomy":"product_cat","embeddable":true,"href":"https:\/\/limage-et-le-livre.com\/en\/wp-json\/wp\/v2\/product_cat?post=22225"},{"taxonomy":"product_tag","embeddable":true,"href":"https:\/\/limage-et-le-livre.com\/en\/wp-json\/wp\/v2\/product_tag?post=22225"}],"curies":[{"name":"wp","href":"https:\/\/api.w.org\/{rel}","templated":true}]}}

<p>Rixheim, Imprimerie de A. Sutter, 1876 ; 2 volumes in-8 de XX + 581 + 507 pp. Plein chagrin vert bouteille d’époque, dos à nerfs, caissons dorés, avec auteur, titre et tomaison dorés. Triple filet d’encadrement doré sur les plats, filet sur les coupes, roulette sur les chasses. Quelques frottements et rousseurs éparses. Deux volumes bien complet des 10 eaux-fortes hors-texte. Etude par l&#8217;abbé Guerber, curé de l&#8217;église Saint-Georges de Haguenau. Bel exemplaire dans une jolie reliure signée Charles Wenger, relieur à Strasbourg.</p>
