{"id":22229,"date":"2026-01-29T16:49:43","date_gmt":"2026-01-29T15:49:43","guid":{"rendered":"https:\/\/limage-et-le-livre.com\/?post_type=product&#038;p=22229"},"modified":"2026-04-08T14:11:48","modified_gmt":"2026-04-08T12:11:48","slug":"almanach-national-de-france-an-xi-de-la-republique-presente-au-premier-consul-par-testu","status":"publish","type":"product","link":"https:\/\/limage-et-le-livre.com\/en\/livres\/histoire\/almanach-national-de-france-an-xi-de-la-republique-presente-au-premier-consul-par-testu\/","title":{"rendered":"Almanach National de France \u2013 An..."},"content":{"rendered":"<p><strong>Paris, chez Testu, 1802<\/strong><\/p>\n<p><p>Paris, chez Testu, successeur de la veuve d\u2019Houry, rue Hautefeuille, 1802\u202f; in-12 de 810 pp. Pleine basane d\u2019\u00e9poque. Dos lisse, filets dor\u00e9s et pi\u00e8ce de titre. Dos us\u00e9, rendant la pi\u00e8ce de titre non lisible. Coiffe sup\u00e9rieure \u00e9mouss\u00e9e, \u00e9pidermures. Petit manque sur la page de titre. Int\u00e9rieur tr\u00e8s frais. Cet Almanach est un ouvrage qui \u00ab\u202fcontient la division et la nomenclature des Autorit\u00e9s Constitu\u00e9es et qui fournit des notions exactes sur toutes les parties de l\u2019administration publique\u202f\u00bb. Il s\u2019agit d\u2019un annuaire annuel officiel, \u00e0 une \u00e9poque o\u00f9 ce titre d\u2019ouvrage trouvait toute sa place pour quiconque avait affaire avec les corps constituants fran\u00e7ais. Cet almanach succ\u00e8de, dans sa d\u00e9nomination seulement, \u00e0 l\u2019almanach royal, \u00e9dit\u00e9 depuis 1683 et jusqu\u2019en 1814 par la famille d\u2019Houry. La derni\u00e8re \u00e9dition est celle de 1919. Cet ouvrage \u00e0 large diffusion servait aussi bien \u00e0 des financiers, des politiques et tout autre lectorat ayant int\u00e9r\u00eat \u00e0 connaitre l\u2019organisation administrative de la France. Cet almanach est le fruit d\u2019une initiative priv\u00e9e mais il a rev\u00eatu un caract\u00e8re officiel.<\/p>\n<\/p>\n<p><small>Le prix du port est calcule selon la destination et le poids du colis.<\/small><\/p>\n","protected":false},"excerpt":{"rendered":"<p>Almanach National de France \u2013 An XI de la R\u00e9publique. Pr\u00e9sent\u00e9 au Premier Consul par Testu. TESTU (Laurent-Etienne). 1802.<\/p>\n","protected":false},"featured_media":23772,"template":"","meta":[],"product_brand":[],"product_cat":[5128,5114],"product_tag":[10295,8289,10296,8288,10294,10297,652],"class_list":{"0":"post-22229","1":"product","2":"type-product","3":"status-publish","4":"has-post-thumbnail","6":"product_cat-histoire","7":"product_cat-livres","8":"product_tag-administration","9":"product_tag-almanach","10":"product_tag-armee","11":"product_tag-calendrier-annuel","12":"product_tag-consulat","13":"product_tag-eglise","14":"product_tag-histoire","15":"product_shipping_class-cat-livraison-3","16":"pa_annee-de-publication-327","17":"pa_editeur-chez-testu","18":"pa_etat-de-conservation-assez-bon","19":"pa_langue-francais","20":"pa_lieu-de-publication-paris","21":"pa_type-couverture-couverture-rigide","23":"first","24":"instock","25":"shipping-taxable","26":"purchasable","27":"product-type-simple"},"_links":{"self":[{"href":"https:\/\/limage-et-le-livre.com\/en\/wp-json\/wp\/v2\/product\/22229","targetHints":{"allow":["GET"]}}],"collection":[{"href":"https:\/\/limage-et-le-livre.com\/en\/wp-json\/wp\/v2\/product"}],"about":[{"href":"https:\/\/limage-et-le-livre.com\/en\/wp-json\/wp\/v2\/types\/product"}],"version-history":[{"count":5,"href":"https:\/\/limage-et-le-livre.com\/en\/wp-json\/wp\/v2\/product\/22229\/revisions"}],"predecessor-version":[{"id":23778,"href":"https:\/\/limage-et-le-livre.com\/en\/wp-json\/wp\/v2\/product\/22229\/revisions\/23778"}],"wp:featuredmedia":[{"embeddable":true,"href":"https:\/\/limage-et-le-livre.com\/en\/wp-json\/wp\/v2\/media\/23772"}],"wp:attachment":[{"href":"https:\/\/limage-et-le-livre.com\/en\/wp-json\/wp\/v2\/media?parent=22229"}],"wp:term":[{"taxonomy":"product_brand","embeddable":true,"href":"https:\/\/limage-et-le-livre.com\/en\/wp-json\/wp\/v2\/product_brand?post=22229"},{"taxonomy":"product_cat","embeddable":true,"href":"https:\/\/limage-et-le-livre.com\/en\/wp-json\/wp\/v2\/product_cat?post=22229"},{"taxonomy":"product_tag","embeddable":true,"href":"https:\/\/limage-et-le-livre.com\/en\/wp-json\/wp\/v2\/product_tag?post=22229"}],"curies":[{"name":"wp","href":"https:\/\/api.w.org\/{rel}","templated":true}]}}

<p><strong>Paris, chez Testu, 1802</strong></p>
<p><p>Paris, chez Testu, successeur de la veuve d’Houry, rue Hautefeuille, 1802 ; in-12 de 810 pp. Pleine basane d’époque. Dos lisse, filets dorés et pièce de titre. Dos usé, rendant la pièce de titre non lisible. Coiffe supérieure émoussée, épidermures. Petit manque sur la page de titre. Intérieur très frais. Cet Almanach est un ouvrage qui « contient la division et la nomenclature des Autorités Constituées et qui fournit des notions exactes sur toutes les parties de l’administration publique ». Il s’agit d’un annuaire annuel officiel, à une époque où ce titre d’ouvrage trouvait toute sa place pour quiconque avait affaire avec les corps constituants français. Cet almanach succède, dans sa dénomination seulement, à l’almanach royal, édité depuis 1683 et jusqu’en 1814 par la famille d’Houry. La dernière édition est celle de 1919. Cet ouvrage à large diffusion servait aussi bien à des financiers, des politiques et tout autre lectorat ayant intérêt à connaitre l’organisation administrative de la France. Cet almanach est le fruit d’une initiative privée mais il a revêtu un caractère officiel.</p>
</p>
<p><small>Le prix du port est calcule selon la destination et le poids du colis.</small></p>

<p>Almanach National de France – An XI de la République. Présenté au Premier Consul par Testu. TESTU (Laurent-Etienne). 1802.</p>
