{"id":22477,"date":"2026-03-05T10:25:54","date_gmt":"2026-03-05T09:25:54","guid":{"rendered":"https:\/\/limage-et-le-livre.com\/non class\u00e9\/plan-de-la-bataille-de-dueren\/"},"modified":"2026-03-14T14:43:38","modified_gmt":"2026-03-14T13:43:38","slug":"plan-de-la-bataille-de-dueren","status":"publish","type":"product","link":"https:\/\/limage-et-le-livre.com\/en\/manuscripts\/plan-de-la-bataille-de-dueren\/","title":{"rendered":"Plan de la bataille de Dueren"},"content":{"rendered":"<p><strong>Anonyme<\/strong><\/p>\n<p>Anonyme &#8211; Plan de la Bataille de Dueren gagn\u00e9e par les Fran\u00e7ais Command\u00e9 par le G.l en chef Scherer, sur les Autrichiens, le 11 Vendemiaire an 2e de la R\u00e9publique Fran\u00e7aise. ( 2 octobre 1793).<br \/>\nPlan manuscrit \u00e0 l\u2019encre et aquarell\u00e9 contrecoll\u00e9, encadr\u00e9 de sa l\u00e9gende d\u00e9taill\u00e9e manuscrite.<br \/>\nDimension du feuillet : 12,2 x 25,3 cm.<br \/>\nDurant la campagne de Flandre, la bataille de D\u00fcren en Rh\u00e9nanie-du-Nord-Westphalie (pr\u00e8s de Cologne) est remport\u00e9e par le G\u00e9n\u00e9ral Sch\u00e9rer (1747, Delle -1804, Commenchon). Il commandait l\u2019aile droite de l\u2019arm\u00e9e de Sambre-et-Meuse lors de la bataille d\u2019Aldenhoven le 2 octobre 1794 men\u00e9e contre l\u2019arm\u00e9e autrichienne.<br \/>\nEnsemble d\u2019une grande finesse.\n<\/p>\n<p>Dimensions: 12,2 cm x 25,3 cm<\/p>\n<p><small>Le prix du port est calcule selon la destination et le poids du colis.<\/small><\/p>\n","protected":false},"excerpt":{"rendered":"<p>Anonyme &#8211; Plan de la Bataille de Dueren gagn\u00e9e par les Fran\u00e7ais Command\u00e9 par le G.l en chef Scherer, sur les Autrichiens, le 11 Vendemiaire an 2e de la R\u00e9publique Fran\u00e7aise. ( 2 octobre 1793).<br \/>\nPlan manuscrit \u00e0 l\u2019encre et aquarell\u00e9.<\/p>\n","protected":false},"featured_media":23272,"template":"","meta":[],"product_brand":[],"product_cat":[5151],"product_tag":[652,1112,928,9808,820],"class_list":{"0":"post-22477","1":"product","2":"type-product","3":"status-publish","4":"has-post-thumbnail","6":"product_cat-manuscrits","7":"product_tag-histoire","8":"product_tag-manuscrit","9":"product_tag-militaria","10":"product_tag-plan-manuscrit","11":"product_tag-revolution-francaise","12":"pa_editeur-anonyme","13":"pa_etat-de-conservation-tres-bon","14":"pa_langue-francais","15":"pa_type-couverture-pas-de-couverture","17":"first","18":"instock","19":"shipping-taxable","20":"purchasable","21":"product-type-simple"},"_links":{"self":[{"href":"https:\/\/limage-et-le-livre.com\/en\/wp-json\/wp\/v2\/product\/22477","targetHints":{"allow":["GET"]}}],"collection":[{"href":"https:\/\/limage-et-le-livre.com\/en\/wp-json\/wp\/v2\/product"}],"about":[{"href":"https:\/\/limage-et-le-livre.com\/en\/wp-json\/wp\/v2\/types\/product"}],"version-history":[{"count":0,"href":"https:\/\/limage-et-le-livre.com\/en\/wp-json\/wp\/v2\/product\/22477\/revisions"}],"wp:featuredmedia":[{"embeddable":true,"href":"https:\/\/limage-et-le-livre.com\/en\/wp-json\/wp\/v2\/media\/23272"}],"wp:attachment":[{"href":"https:\/\/limage-et-le-livre.com\/en\/wp-json\/wp\/v2\/media?parent=22477"}],"wp:term":[{"taxonomy":"product_brand","embeddable":true,"href":"https:\/\/limage-et-le-livre.com\/en\/wp-json\/wp\/v2\/product_brand?post=22477"},{"taxonomy":"product_cat","embeddable":true,"href":"https:\/\/limage-et-le-livre.com\/en\/wp-json\/wp\/v2\/product_cat?post=22477"},{"taxonomy":"product_tag","embeddable":true,"href":"https:\/\/limage-et-le-livre.com\/en\/wp-json\/wp\/v2\/product_tag?post=22477"}],"curies":[{"name":"wp","href":"https:\/\/api.w.org\/{rel}","templated":true}]}}

https://limage-et-le-livre.com/non classé/plan-de-la-bataille-de-dueren/

<p><strong>Anonyme</strong></p>
<p>Anonyme &#8211; Plan de la Bataille de Dueren gagnée par les Français Commandé par le G.l en chef Scherer, sur les Autrichiens, le 11 Vendemiaire an 2e de la République Française. ( 2 octobre 1793).<br />
Plan manuscrit à l’encre et aquarellé contrecollé, encadré de sa légende détaillée manuscrite.<br />
Dimension du feuillet : 12,2 x 25,3 cm.<br />
Durant la campagne de Flandre, la bataille de Düren en Rhénanie-du-Nord-Westphalie (près de Cologne) est remportée par le Général Schérer (1747, Delle -1804, Commenchon). Il commandait l’aile droite de l’armée de Sambre-et-Meuse lors de la bataille d’Aldenhoven le 2 octobre 1794 menée contre l’armée autrichienne.<br />
Ensemble d’une grande finesse.
</p>
<p>Dimensions: 12,2 cm x 25,3 cm</p>
<p><small>Le prix du port est calcule selon la destination et le poids du colis.</small></p>

<p>Anonyme &#8211; Plan de la Bataille de Dueren gagnée par les Français Commandé par le G.l en chef Scherer, sur les Autrichiens, le 11 Vendemiaire an 2e de la République Française. ( 2 octobre 1793).<br />
Plan manuscrit à l’encre et aquarellé.</p>
