{"id":22619,"date":"2026-03-07T14:16:54","date_gmt":"2026-03-07T13:16:54","guid":{"rendered":"https:\/\/limage-et-le-livre.com\/non class\u00e9\/la-princess-maleine\/"},"modified":"2026-03-12T15:59:16","modified_gmt":"2026-03-12T14:59:16","slug":"la-princess-maleine","status":"publish","type":"product","link":"https:\/\/limage-et-le-livre.com\/en\/books\/literature\/la-princess-maleine\/","title":{"rendered":"La Princess Maleine"},"content":{"rendered":"<p><strong>Paris, Georges Tr\u00e8s et Cie, 1918<\/strong><\/p>\n<p>in-8, Demi-marocain<\/p>\n<p>Maeterlinck (Maurice). La Princesse Maleine.<br \/>\nIllustrations de Maurice Achener.<\/p>\n<p>1918. Reliure de Creuzevault. Avec une aquarelle originale.<\/p>\n<p>Paris, Cr\u00e8s &amp; Cie, 1918 ; in-8 de 250 pp. Demi-maroquin \u00e0 coins, dos lisse, auteur et titre dor\u00e9s, date en queue. La reliure est sign\u00e9e Creuzevault, les couvertures ont \u00e9t\u00e9 conserv\u00e9es.<\/p>\n<p>Le frontispice et les illustrations sont dessin\u00e9s et grav\u00e9s sur bois par Maurice Achener.<\/p>\n<p>Exemplaire num\u00e9rot\u00e9, un des 1050 sur V\u00e9lin de Rives (n\u00b0122).<br \/>\nTr\u00e8s bel exemplaire avec une aquarelle originale de Maurice Achener sur la page de faux-titre.<\/p>\n<p>La Princesse Maleine, pi\u00e8ce symboliste de Maurice Maeterlinck, fonde un th\u00e9\u00e2tre de la fatalit\u00e9 et du myst\u00e8re ; son auteur, futur prix Nobel de litt\u00e9rature (1911), y affirme une esth\u00e9tique d\u00e9terminante pour le symbolisme.<br \/>\nMaurice Achener, figure reconnue de l\u2019illustration bibliophilique et des \u00e9ditions de prestige au d\u00e9but du XX\u1d49 si\u00e8cle.<\/p>\n<p>Dimensions: 20,6 x 15,7 cm<\/p>\n<p>250 pages<\/p>\n<p><small>Le prix du port est calcule selon la destination et le poids du colis.<\/small><\/p>\n","protected":false},"excerpt":{"rendered":"<p>Belle \u00e9dition, exemplaire num\u00e9rot\u00e9 122 sur 1050.<br \/>\nMaeterlinck (Maurice). La Princesse Maleine.<br \/>\nIllustrations de M. Achener, avec une aquarelle originale.<br \/>\n1918. Reliure de Creuzevault en Demi-marocain. <\/p>\n","protected":false},"featured_media":22607,"template":"","meta":[],"product_brand":[],"product_cat":[5123,5114],"product_tag":[10354,877,9566,10355,10321],"class_list":{"0":"post-22619","1":"product","2":"type-product","3":"status-publish","4":"has-post-thumbnail","6":"product_cat-litterature","7":"product_cat-livres","8":"product_tag-achener","9":"product_tag-alsace","10":"product_tag-litterature-francaise","11":"product_tag-maeterlinck","12":"product_tag-symbolisme","14":"first","15":"instock","16":"shipping-taxable","17":"purchasable","18":"product-type-simple"},"_links":{"self":[{"href":"https:\/\/limage-et-le-livre.com\/en\/wp-json\/wp\/v2\/product\/22619","targetHints":{"allow":["GET"]}}],"collection":[{"href":"https:\/\/limage-et-le-livre.com\/en\/wp-json\/wp\/v2\/product"}],"about":[{"href":"https:\/\/limage-et-le-livre.com\/en\/wp-json\/wp\/v2\/types\/product"}],"version-history":[{"count":0,"href":"https:\/\/limage-et-le-livre.com\/en\/wp-json\/wp\/v2\/product\/22619\/revisions"}],"wp:featuredmedia":[{"embeddable":true,"href":"https:\/\/limage-et-le-livre.com\/en\/wp-json\/wp\/v2\/media\/22607"}],"wp:attachment":[{"href":"https:\/\/limage-et-le-livre.com\/en\/wp-json\/wp\/v2\/media?parent=22619"}],"wp:term":[{"taxonomy":"product_brand","embeddable":true,"href":"https:\/\/limage-et-le-livre.com\/en\/wp-json\/wp\/v2\/product_brand?post=22619"},{"taxonomy":"product_cat","embeddable":true,"href":"https:\/\/limage-et-le-livre.com\/en\/wp-json\/wp\/v2\/product_cat?post=22619"},{"taxonomy":"product_tag","embeddable":true,"href":"https:\/\/limage-et-le-livre.com\/en\/wp-json\/wp\/v2\/product_tag?post=22619"}],"curies":[{"name":"wp","href":"https:\/\/api.w.org\/{rel}","templated":true}]}}

https://limage-et-le-livre.com/non classé/la-princess-maleine/

<p><strong>Paris, Georges Très et Cie, 1918</strong></p>
<p>in-8, Demi-marocain</p>
<p>Maeterlinck (Maurice). La Princesse Maleine.<br />
Illustrations de Maurice Achener.</p>
<p>1918. Reliure de Creuzevault. Avec une aquarelle originale.</p>
<p>Paris, Crès &amp; Cie, 1918 ; in-8 de 250 pp. Demi-maroquin à coins, dos lisse, auteur et titre dorés, date en queue. La reliure est signée Creuzevault, les couvertures ont été conservées.</p>
<p>Le frontispice et les illustrations sont dessinés et gravés sur bois par Maurice Achener.</p>
<p>Exemplaire numéroté, un des 1050 sur Vélin de Rives (n°122).<br />
Très bel exemplaire avec une aquarelle originale de Maurice Achener sur la page de faux-titre.</p>
<p>La Princesse Maleine, pièce symboliste de Maurice Maeterlinck, fonde un théâtre de la fatalité et du mystère ; son auteur, futur prix Nobel de littérature (1911), y affirme une esthétique déterminante pour le symbolisme.<br />
Maurice Achener, figure reconnue de l’illustration bibliophilique et des éditions de prestige au début du XXᵉ siècle.</p>
<p>Dimensions: 20,6 x 15,7 cm</p>
<p>250 pages</p>
<p><small>Le prix du port est calcule selon la destination et le poids du colis.</small></p>

<p>Belle édition, exemplaire numéroté 122 sur 1050.<br />
Maeterlinck (Maurice). La Princesse Maleine.<br />
Illustrations de M. Achener, avec une aquarelle originale.<br />
1918. Reliure de Creuzevault en Demi-marocain. </p>
