{"id":22711,"date":"2026-03-09T11:53:51","date_gmt":"2026-03-09T10:53:51","guid":{"rendered":"https:\/\/limage-et-le-livre.com\/non%20class\u00e9\/vue-panoramique-de-vienne-en-autriche\/"},"modified":"2026-03-14T14:41:13","modified_gmt":"2026-03-14T13:41:13","slug":"vue-panoramique-de-vienne-en-autriche","status":"publish","type":"product","link":"https:\/\/limage-et-le-livre.com\/en\/gravures-et-estampes\/vues\/vue-panoramique-de-vienne-en-autriche\/","title":{"rendered":"Vue panoramique de Vienne en Autriche"},"content":{"rendered":"<p><strong>B\u00e2le<\/strong><\/p>\n<p>Vue panoramique de Vienne en Autriche.<\/p>\n<p>Avant 1574, issue de la Cosmographie de S\u00e9bastien Munster.<br \/>\nGravure sur bois.<\/p>\n<p>Deux pages accol\u00e9es forment la vue compl\u00e8te panoramique.<\/p>\n<p>Dimension des deux feuillets accol\u00e9s : 31,1 x 81 cm.<br \/>\nDimension du sujet : 22, 5 x 78,3 cm.<\/p>\n<p>Deux restaurations anciennes et un pli central sur chacune des deux pages, n&#8217;alt\u00e9rant pas la qualit\u00e9 d&#8217;ensemble de cette vue.<\/p>\n<p>Dans la gravure on trouve la date d&#8217;\u00e9laboration du bois : 1548.<br \/>\nLa gravure est sign\u00e9e de deux graveurs :<br \/>\nHans Rudolf Manuel Deutsch &#8211; HRMD &#8211; dont les initiales suivies d&#8217;un poignard indiquent son double statut d&#8217;artiste et de mercenaire.<br \/>\nHeinrich Holzm\u00fcller &#8211; HH &#8211; dont les initiales sont suivies d&#8217;un stylet de graveur.<\/p>\n<p>Il s&#8217;agit d&#8217;une pi\u00e8ce aux dimensions assez rares \u00e0 cette \u00e9poque, r\u00e9alis\u00e9e par des graveurs r\u00e9put\u00e9s, et pour un ouvrage \u00e0 grande port\u00e9e historique.<br \/>\nSa composition est agr\u00e9ment\u00e9e de phylact\u00e8res et rubans d\u00e9coratifs de tr\u00e8s belle facture. A noter que dans la Cosmographie, seules une dizaine de villes ont fait l&#8217;objet d&#8217;une repr\u00e9sentation panoramique en double pages.\n<\/p>\n<p><em>Etat: Deux restaurations anciennes et un pli central sur chacune des deux pages, n&#8217;alt\u00e9rant pas la qualit\u00e9 d&#8217;ensemble de cette vue.<\/em><\/p>\n<p>Dimensions: 22, 5 x 78,3 cm<\/p>\n<p><small>Le prix du port est calcule selon la destination et le poids du colis.<\/small><\/p>\n","protected":false},"excerpt":{"rendered":"<p>Vue panoramique de Vienne en Autriche.<br \/>\nAvant 1574, issue de la Cosmographie de S\u00e9bastien Munster.<br \/>\nGravure sur bois.<br \/>\nDeux pages accol\u00e9es forment la vue compl\u00e8te panoramique.<br \/>\nGravure sign\u00e9e HRMD et HH.<\/p>\n","protected":false},"featured_media":23216,"template":"","meta":[],"product_brand":[],"product_cat":[5158,10361],"product_tag":[10362,1257,8407,10065,8914],"class_list":{"0":"post-22711","1":"product","2":"type-product","3":"status-publish","4":"has-post-thumbnail","6":"product_cat-gravures-et-estampes","7":"product_cat-vues","8":"product_tag-16eme","9":"product_tag-autriche","10":"product_tag-cosmographie","11":"product_tag-sebastien-munster","12":"product_tag-vienne","13":"pa_etat-de-conservation-assez-bon","14":"pa_illustrateur-hans-rudolf-manuel-deutsch-heinrich-holzmuller","15":"pa_lieu-de-publication-bale","17":"first","18":"instock","19":"shipping-taxable","20":"purchasable","21":"product-type-simple"},"_links":{"self":[{"href":"https:\/\/limage-et-le-livre.com\/en\/wp-json\/wp\/v2\/product\/22711","targetHints":{"allow":["GET"]}}],"collection":[{"href":"https:\/\/limage-et-le-livre.com\/en\/wp-json\/wp\/v2\/product"}],"about":[{"href":"https:\/\/limage-et-le-livre.com\/en\/wp-json\/wp\/v2\/types\/product"}],"version-history":[{"count":1,"href":"https:\/\/limage-et-le-livre.com\/en\/wp-json\/wp\/v2\/product\/22711\/revisions"}],"predecessor-version":[{"id":23053,"href":"https:\/\/limage-et-le-livre.com\/en\/wp-json\/wp\/v2\/product\/22711\/revisions\/23053"}],"wp:featuredmedia":[{"embeddable":true,"href":"https:\/\/limage-et-le-livre.com\/en\/wp-json\/wp\/v2\/media\/23216"}],"wp:attachment":[{"href":"https:\/\/limage-et-le-livre.com\/en\/wp-json\/wp\/v2\/media?parent=22711"}],"wp:term":[{"taxonomy":"product_brand","embeddable":true,"href":"https:\/\/limage-et-le-livre.com\/en\/wp-json\/wp\/v2\/product_brand?post=22711"},{"taxonomy":"product_cat","embeddable":true,"href":"https:\/\/limage-et-le-livre.com\/en\/wp-json\/wp\/v2\/product_cat?post=22711"},{"taxonomy":"product_tag","embeddable":true,"href":"https:\/\/limage-et-le-livre.com\/en\/wp-json\/wp\/v2\/product_tag?post=22711"}],"curies":[{"name":"wp","href":"https:\/\/api.w.org\/{rel}","templated":true}]}}

https://limage-et-le-livre.com/non%20classé/vue-panoramique-de-vienne-en-autriche/

<p><strong>Bâle</strong></p>
<p>Vue panoramique de Vienne en Autriche.</p>
<p>Avant 1574, issue de la Cosmographie de Sébastien Munster.<br />
Gravure sur bois.</p>
<p>Deux pages accolées forment la vue complète panoramique.</p>
<p>Dimension des deux feuillets accolés : 31,1 x 81 cm.<br />
Dimension du sujet : 22, 5 x 78,3 cm.</p>
<p>Deux restaurations anciennes et un pli central sur chacune des deux pages, n&#8217;altérant pas la qualité d&#8217;ensemble de cette vue.</p>
<p>Dans la gravure on trouve la date d&#8217;élaboration du bois : 1548.<br />
La gravure est signée de deux graveurs :<br />
Hans Rudolf Manuel Deutsch &#8211; HRMD &#8211; dont les initiales suivies d&#8217;un poignard indiquent son double statut d&#8217;artiste et de mercenaire.<br />
Heinrich Holzmüller &#8211; HH &#8211; dont les initiales sont suivies d&#8217;un stylet de graveur.</p>
<p>Il s&#8217;agit d&#8217;une pièce aux dimensions assez rares à cette époque, réalisée par des graveurs réputés, et pour un ouvrage à grande portée historique.<br />
Sa composition est agrémentée de phylactères et rubans décoratifs de très belle facture. A noter que dans la Cosmographie, seules une dizaine de villes ont fait l&#8217;objet d&#8217;une représentation panoramique en double pages.
</p>
<p><em>Etat: Deux restaurations anciennes et un pli central sur chacune des deux pages, n&#8217;altérant pas la qualité d&#8217;ensemble de cette vue.</em></p>
<p>Dimensions: 22, 5 x 78,3 cm</p>
<p><small>Le prix du port est calcule selon la destination et le poids du colis.</small></p>

<p>Vue panoramique de Vienne en Autriche.<br />
Avant 1574, issue de la Cosmographie de Sébastien Munster.<br />
Gravure sur bois.<br />
Deux pages accolées forment la vue complète panoramique.<br />
Gravure signée HRMD et HH.</p>
