{"id":22772,"date":"2026-03-09T14:54:20","date_gmt":"2026-03-09T13:54:20","guid":{"rendered":"https:\/\/limage-et-le-livre.com\/non%20class\u00e9\/droit-maritime-de-leurope\/"},"modified":"2026-03-14T14:40:53","modified_gmt":"2026-03-14T13:40:53","slug":"droit-maritime-de-leurope","status":"publish","type":"product","link":"https:\/\/limage-et-le-livre.com\/en\/books\/law\/droit-maritime-de-leurope\/","title":{"rendered":"Droit maritime de l&#8217;Europe"},"content":{"rendered":"<p><strong>Paris, Chez l&#8217;auteur, 1805<\/strong><\/p>\n<p>in-8, Plein veau<\/p>\n<p>AZUNI (Domenico Alberto, 1749\u20111827)<\/p>\n<p>Droit maritime de l\u2019Europe.<\/p>\n<p>Paris, chez l\u2019auteur, 1805, 2 tomes, in\u20118, reliure d\u2019\u00e9poque, Bordures dor\u00e9es \u00e0 la roulette.<br \/>\n[Tome I : XX + 510 pp. ; Tome II : 490 pp.]<\/p>\n<p>Coins et coiffes l\u00e9g\u00e8rement frott\u00e9s, une restauration ancienne et bien faite sur chacun des plats du Tome 2. L\u00e9g\u00e8res rousseurs qui n&#8217;alt\u00e8rent aucunement l&#8217;ouvrage et le texte.<\/p>\n<p>Azuni est l\u2019un des pr\u00e9curseurs du droit maritime moderne. Il a jou\u00e9 un r\u00f4le important dans l\u2019\u00e9laboration et la codification des r\u00e8gles commerciales maritimes europ\u00e9ennes \u00e0 la fin du 18\u00e8me si\u00e8cle. Durant la p\u00e9riode napol\u00e9onienne, il a \u00e9t\u00e9 nomm\u00e9 \u00e0 des fonctions administratives importantes sous l\u2019autorit\u00e9 fran\u00e7aise en Sardaigne dont il est originaire.<\/p>\n<p>Le trait\u00e9 expose de mani\u00e8re syst\u00e9matique les principes du droit maritime appliqu\u00e9s en Europe \u00e0 la fin du XVIII\u1d49 si\u00e8cle et au d\u00e9but du XIX\u1d49 si\u00e8cle, abordant notamment la neutralit\u00e9, les droits des neutres et des bellig\u00e9rants, les prises en mer, la juridiction des tribunaux maritimes et les r\u00e8gles du commerce maritime.<br \/>\nT\u00e9moignage important de l\u2019histoire du droit maritime moderne.<\/p>\n<p><em>Etat: Coins et coiffes l\u00e9g\u00e8rement frott\u00e9s, une restauration ancienne et bien faite sur chacun des plats du Tome 2. L\u00e9g\u00e8res rousseurs qui n&#8217;alt\u00e8rent aucunement l&#8217;ouvrage et le texte.<\/em><\/p>\n<p>Dimensions: 20,8 x 13,5 cm<\/p>\n<p><small>Le prix du port est calcule selon la destination et le poids du colis.<\/small><\/p>\n","protected":false},"excerpt":{"rendered":"<p>AZUNI (1749\u20111827)<br \/>\nDroit maritime de l\u2019Europe.<br \/>\nAzuni est l\u2019un des pr\u00e9curseurs du droit maritime moderne. Il a jou\u00e9 un r\u00f4le important dans l\u2019\u00e9laboration et la codification des r\u00e8gles commerciales maritimes europ\u00e9ennes \u00e0 la fin du 18\u00e8me si\u00e8cle.<\/p>\n","protected":false},"featured_media":23182,"template":"","meta":[],"product_brand":[],"product_cat":[5144,5114],"product_tag":[10368,814,10367,8971,809,902],"class_list":{"0":"post-22772","1":"product","2":"type-product","3":"status-publish","4":"has-post-thumbnail","6":"product_cat-droit","7":"product_cat-livres","8":"product_tag-azuni","9":"product_tag-droit","10":"product_tag-droit-commercial","11":"product_tag-france","12":"product_tag-napoleon","13":"product_tag-sardaigne","14":"pa_annee-de-publication-1120","15":"pa_dimension-in-8-2","16":"pa_editeur-chez-lauteur","17":"pa_etat-de-conservation-bon","18":"pa_langue-francais","19":"pa_lieu-de-publication-paris","21":"first","22":"instock","23":"shipping-taxable","24":"purchasable","25":"product-type-simple"},"_links":{"self":[{"href":"https:\/\/limage-et-le-livre.com\/en\/wp-json\/wp\/v2\/product\/22772","targetHints":{"allow":["GET"]}}],"collection":[{"href":"https:\/\/limage-et-le-livre.com\/en\/wp-json\/wp\/v2\/product"}],"about":[{"href":"https:\/\/limage-et-le-livre.com\/en\/wp-json\/wp\/v2\/types\/product"}],"version-history":[{"count":1,"href":"https:\/\/limage-et-le-livre.com\/en\/wp-json\/wp\/v2\/product\/22772\/revisions"}],"predecessor-version":[{"id":23018,"href":"https:\/\/limage-et-le-livre.com\/en\/wp-json\/wp\/v2\/product\/22772\/revisions\/23018"}],"wp:featuredmedia":[{"embeddable":true,"href":"https:\/\/limage-et-le-livre.com\/en\/wp-json\/wp\/v2\/media\/23182"}],"wp:attachment":[{"href":"https:\/\/limage-et-le-livre.com\/en\/wp-json\/wp\/v2\/media?parent=22772"}],"wp:term":[{"taxonomy":"product_brand","embeddable":true,"href":"https:\/\/limage-et-le-livre.com\/en\/wp-json\/wp\/v2\/product_brand?post=22772"},{"taxonomy":"product_cat","embeddable":true,"href":"https:\/\/limage-et-le-livre.com\/en\/wp-json\/wp\/v2\/product_cat?post=22772"},{"taxonomy":"product_tag","embeddable":true,"href":"https:\/\/limage-et-le-livre.com\/en\/wp-json\/wp\/v2\/product_tag?post=22772"}],"curies":[{"name":"wp","href":"https:\/\/api.w.org\/{rel}","templated":true}]}}

https://limage-et-le-livre.com/non%20classé/droit-maritime-de-leurope/

<p><strong>Paris, Chez l&#8217;auteur, 1805</strong></p>
<p>in-8, Plein veau</p>
<p>AZUNI (Domenico Alberto, 1749‑1827)</p>
<p>Droit maritime de l’Europe.</p>
<p>Paris, chez l’auteur, 1805, 2 tomes, in‑8, reliure d’époque, Bordures dorées à la roulette.<br />
[Tome I : XX + 510 pp. ; Tome II : 490 pp.]</p>
<p>Coins et coiffes légèrement frottés, une restauration ancienne et bien faite sur chacun des plats du Tome 2. Légères rousseurs qui n&#8217;altèrent aucunement l&#8217;ouvrage et le texte.</p>
<p>Azuni est l’un des précurseurs du droit maritime moderne. Il a joué un rôle important dans l’élaboration et la codification des règles commerciales maritimes européennes à la fin du 18ème siècle. Durant la période napoléonienne, il a été nommé à des fonctions administratives importantes sous l’autorité française en Sardaigne dont il est originaire.</p>
<p>Le traité expose de manière systématique les principes du droit maritime appliqués en Europe à la fin du XVIIIᵉ siècle et au début du XIXᵉ siècle, abordant notamment la neutralité, les droits des neutres et des belligérants, les prises en mer, la juridiction des tribunaux maritimes et les règles du commerce maritime.<br />
Témoignage important de l’histoire du droit maritime moderne.</p>
<p><em>Etat: Coins et coiffes légèrement frottés, une restauration ancienne et bien faite sur chacun des plats du Tome 2. Légères rousseurs qui n&#8217;altèrent aucunement l&#8217;ouvrage et le texte.</em></p>
<p>Dimensions: 20,8 x 13,5 cm</p>
<p><small>Le prix du port est calcule selon la destination et le poids du colis.</small></p>

<p>AZUNI (1749‑1827)<br />
Droit maritime de l’Europe.<br />
Azuni est l’un des précurseurs du droit maritime moderne. Il a joué un rôle important dans l’élaboration et la codification des règles commerciales maritimes européennes à la fin du 18ème siècle.</p>
