{"id":22783,"date":"2026-03-09T15:55:01","date_gmt":"2026-03-09T14:55:01","guid":{"rendered":"https:\/\/limage-et-le-livre.com\/non%20class\u00e9\/le-capitaine-fracasse\/"},"modified":"2026-03-14T14:40:50","modified_gmt":"2026-03-14T13:40:50","slug":"le-capitaine-fracasse","status":"publish","type":"product","link":"https:\/\/limage-et-le-livre.com\/en\/books\/literature\/le-capitaine-fracasse\/","title":{"rendered":"Le Capitaine Fracasse"},"content":{"rendered":"<p><strong>Paris, Jouaust (Librairie des Bibliophiles), 1884<\/strong><\/p>\n<p>in-8, demi maroquin \u00e0 coins<\/p>\n<p>Gautier (Th\u00e9ophile, 1811\u20111872).<\/p>\n<p>Le Capitaine Fracasse. <\/p>\n<p>Publi\u00e9 en trois volumes avec un avant\u2011propos de Judith Gautier; dessins de Charles Delort grav\u00e9s par Mongin.<\/p>\n<p>Paris, Librairie des Bibliophiles (Jouaust), 1884, 3 vol. in\u20118. Demi\u2011maroquin, dos \u00e0 5 nerfs orn\u00e9s avec pi\u00e8ces de titres et de tomaisons, tranches sup\u00e9rieures dor\u00e9es.<br \/>\nTome \u202fI\u202f: VI\u202f+\u202f270\u202fpp.\u202f; Tome \u202fII\u202f: 294\u202fpp.\u202f; Tome \u202fIII\u202f: 270 \u202fpp.<br \/>\nFrontispice (portrait de l\u2019auteur) et eaux\u2011fortes hors\u2011texte d\u2019apr\u00e8s les dessins de Charles Delort, grav\u00e9es par Mongin\u202f; lettrines et bandeaux d\u00e9coratifs.<\/p>\n<p>Quelques rousseurs sur certaines pages. Mais bon \u00e9tat de conservation et reliure tr\u00e8s bien pr\u00e9serv\u00e9e.<\/p>\n<p>Contrairement \u00e0 l\u2019\u00e9dition initiale de 1863\/1866, cette \u00e9dition en trois tomes (1884) est une \u00e9dition de bibliophilie, avec illustrations soign\u00e9es, avant\u2011propos de Judith Gautier, fille de l\u2019auteur, situant l\u2019\u0153uvre dans son contexte litt\u00e9raire et familial. <\/p>\n<p>Une belle \u00e9dition recherch\u00e9e pour ce c\u00e9l\u00e8bre roman d&#8217;aventure.<\/p>\n<p>Dimensions: 21 x 14,3 cm<\/p>\n<p><small>Le prix du port est calcule selon la destination et le poids du colis.<\/small><\/p>\n","protected":false},"excerpt":{"rendered":"<p>Gautier (Th\u00e9ophile, 1811\u20111872).<br \/>\nLe Capitaine Fracasse.<br \/>\nPubli\u00e9 en trois volumes avec un avant\u2011propos de Judith Gautier; dessins de Charles Delort grav\u00e9s par Mongin.<br \/>\nUne belle \u00e9dition de bibliophiles pour ce c\u00e9l\u00e8bre roman d&#8217;aventure.<\/p>\n","protected":false},"featured_media":23180,"template":"","meta":[],"product_brand":[],"product_cat":[5123,5114],"product_tag":[10333,10370,10369,1210,735],"class_list":{"0":"post-22783","1":"product","2":"type-product","3":"status-publish","4":"has-post-thumbnail","6":"product_cat-litterature","7":"product_cat-livres","8":"product_tag-aventure","9":"product_tag-capitaine-fracasse","10":"product_tag-gautier","11":"product_tag-mer","12":"product_tag-roman","13":"pa_annee-de-publication-331","14":"pa_dimension-in-8-2","15":"pa_editeur-jouaust-librairie-des-bibliophiles","16":"pa_etat-de-conservation-bon","17":"pa_illustrateur-charles-delort","18":"pa_langue-francais","19":"pa_lieu-de-publication-paris","20":"pa_volume-618","22":"first","23":"instock","24":"shipping-taxable","25":"purchasable","26":"product-type-simple"},"_links":{"self":[{"href":"https:\/\/limage-et-le-livre.com\/en\/wp-json\/wp\/v2\/product\/22783","targetHints":{"allow":["GET"]}}],"collection":[{"href":"https:\/\/limage-et-le-livre.com\/en\/wp-json\/wp\/v2\/product"}],"about":[{"href":"https:\/\/limage-et-le-livre.com\/en\/wp-json\/wp\/v2\/types\/product"}],"version-history":[{"count":1,"href":"https:\/\/limage-et-le-livre.com\/en\/wp-json\/wp\/v2\/product\/22783\/revisions"}],"predecessor-version":[{"id":23011,"href":"https:\/\/limage-et-le-livre.com\/en\/wp-json\/wp\/v2\/product\/22783\/revisions\/23011"}],"wp:featuredmedia":[{"embeddable":true,"href":"https:\/\/limage-et-le-livre.com\/en\/wp-json\/wp\/v2\/media\/23180"}],"wp:attachment":[{"href":"https:\/\/limage-et-le-livre.com\/en\/wp-json\/wp\/v2\/media?parent=22783"}],"wp:term":[{"taxonomy":"product_brand","embeddable":true,"href":"https:\/\/limage-et-le-livre.com\/en\/wp-json\/wp\/v2\/product_brand?post=22783"},{"taxonomy":"product_cat","embeddable":true,"href":"https:\/\/limage-et-le-livre.com\/en\/wp-json\/wp\/v2\/product_cat?post=22783"},{"taxonomy":"product_tag","embeddable":true,"href":"https:\/\/limage-et-le-livre.com\/en\/wp-json\/wp\/v2\/product_tag?post=22783"}],"curies":[{"name":"wp","href":"https:\/\/api.w.org\/{rel}","templated":true}]}}

https://limage-et-le-livre.com/non%20classé/le-capitaine-fracasse/

<p><strong>Paris, Jouaust (Librairie des Bibliophiles), 1884</strong></p>
<p>in-8, demi maroquin à coins</p>
<p>Gautier (Théophile, 1811‑1872).</p>
<p>Le Capitaine Fracasse. </p>
<p>Publié en trois volumes avec un avant‑propos de Judith Gautier; dessins de Charles Delort gravés par Mongin.</p>
<p>Paris, Librairie des Bibliophiles (Jouaust), 1884, 3 vol. in‑8. Demi‑maroquin, dos à 5 nerfs ornés avec pièces de titres et de tomaisons, tranches supérieures dorées.<br />
Tome  I : VI + 270 pp. ; Tome  II : 294 pp. ; Tome  III : 270  pp.<br />
Frontispice (portrait de l’auteur) et eaux‑fortes hors‑texte d’après les dessins de Charles Delort, gravées par Mongin ; lettrines et bandeaux décoratifs.</p>
<p>Quelques rousseurs sur certaines pages. Mais bon état de conservation et reliure très bien préservée.</p>
<p>Contrairement à l’édition initiale de 1863/1866, cette édition en trois tomes (1884) est une édition de bibliophilie, avec illustrations soignées, avant‑propos de Judith Gautier, fille de l’auteur, situant l’œuvre dans son contexte littéraire et familial. </p>
<p>Une belle édition recherchée pour ce célèbre roman d&#8217;aventure.</p>
<p>Dimensions: 21 x 14,3 cm</p>
<p><small>Le prix du port est calcule selon la destination et le poids du colis.</small></p>

<p>Gautier (Théophile, 1811‑1872).<br />
Le Capitaine Fracasse.<br />
Publié en trois volumes avec un avant‑propos de Judith Gautier; dessins de Charles Delort gravés par Mongin.<br />
Une belle édition de bibliophiles pour ce célèbre roman d&#8217;aventure.</p>
