{"id":22804,"date":"2026-03-10T11:23:03","date_gmt":"2026-03-10T10:23:03","guid":{"rendered":"https:\/\/limage-et-le-livre.com\/non%20class\u00e9\/le-petit-prince\/"},"modified":"2026-03-14T14:41:09","modified_gmt":"2026-03-14T13:41:09","slug":"le-petit-prince","status":"publish","type":"product","link":"https:\/\/limage-et-le-livre.com\/en\/books\/enfantina-en\/le-petit-prince\/","title":{"rendered":"Le petit Prince"},"content":{"rendered":"<p><strong>Gallimard, 1951<\/strong><\/p>\n<p>in-8<\/p>\n<p>Saint-Exup\u00e9ry (Antoine de)<\/p>\n<p>Le Petit Prince.<\/p>\n<p>Paris, \u00c9ditions Gallimard, 1951, in-8, reliure en demi-chagrin noir \u00e0 bandes, dos \u00e0 cinq nerfs, titre dor\u00e9, couvertures et dos conserv\u00e9s, illustr\u00e9 dans le texte.<\/p>\n<p>Dos insol\u00e9, bel exemplaire de cette \u00e9dition ancienne.<\/p>\n<p>\u00c0 la fois r\u00e9cit pour la jeunesse et m\u00e9ditation sur l\u2019amiti\u00e9, l\u2019enfance et le sens de la vie, &#8220;Le Petit Prince&#8221; s\u2019est impos\u00e9 comme l\u2019un des livres les plus traduits et les plus lus au monde. Paru pour la premi\u00e8re fois en 1943 \u00e0 New York.<br \/>\nCette \u00e9dition d\u2019apr\u00e8s-guerre constitue un bel exemplaire de bibliophilie en reliure classique.<\/p>\n<p><em>Etat: Dos insol\u00e9.<br \/>\nBelle reliure en bon \u00e9tat.<\/em><\/p>\n<p>Dimensions: 22,3 x 16,5 cm<\/p>\n<p><small>Le prix du port est calcule selon la destination et le poids du colis.<\/small><\/p>\n","protected":false},"excerpt":{"rendered":"<p>Saint-Exup\u00e9ry (Antoine de)<\/p>\n<p>Le Petit Prince.<\/p>\n<p>Belle \u00e9dition ancienne de 1951.<\/p>\n","protected":false},"featured_media":23186,"template":"","meta":[],"product_brand":[],"product_cat":[5225,5114,10364],"product_tag":[5605,10371,9798,10372],"class_list":{"0":"post-22804","1":"product","2":"type-product","3":"status-publish","4":"has-post-thumbnail","6":"product_cat-enfantina","7":"product_cat-livres","8":"product_cat-philosophie","9":"product_tag-enfantina","10":"product_tag-le-petit-prince","11":"product_tag-philisophie","12":"product_tag-saint-exupery","13":"pa_annee-de-publication-573","14":"pa_dimension-in-8-2","15":"pa_editeur-gallimard","16":"pa_etat-de-conservation-bon","17":"pa_illustrateur-antoie-de-saint-exupery","18":"pa_langue-francais","20":"first","21":"instock","22":"shipping-taxable","23":"purchasable","24":"product-type-simple"},"_links":{"self":[{"href":"https:\/\/limage-et-le-livre.com\/en\/wp-json\/wp\/v2\/product\/22804","targetHints":{"allow":["GET"]}}],"collection":[{"href":"https:\/\/limage-et-le-livre.com\/en\/wp-json\/wp\/v2\/product"}],"about":[{"href":"https:\/\/limage-et-le-livre.com\/en\/wp-json\/wp\/v2\/types\/product"}],"version-history":[{"count":1,"href":"https:\/\/limage-et-le-livre.com\/en\/wp-json\/wp\/v2\/product\/22804\/revisions"}],"predecessor-version":[{"id":23044,"href":"https:\/\/limage-et-le-livre.com\/en\/wp-json\/wp\/v2\/product\/22804\/revisions\/23044"}],"wp:featuredmedia":[{"embeddable":true,"href":"https:\/\/limage-et-le-livre.com\/en\/wp-json\/wp\/v2\/media\/23186"}],"wp:attachment":[{"href":"https:\/\/limage-et-le-livre.com\/en\/wp-json\/wp\/v2\/media?parent=22804"}],"wp:term":[{"taxonomy":"product_brand","embeddable":true,"href":"https:\/\/limage-et-le-livre.com\/en\/wp-json\/wp\/v2\/product_brand?post=22804"},{"taxonomy":"product_cat","embeddable":true,"href":"https:\/\/limage-et-le-livre.com\/en\/wp-json\/wp\/v2\/product_cat?post=22804"},{"taxonomy":"product_tag","embeddable":true,"href":"https:\/\/limage-et-le-livre.com\/en\/wp-json\/wp\/v2\/product_tag?post=22804"}],"curies":[{"name":"wp","href":"https:\/\/api.w.org\/{rel}","templated":true}]}}

https://limage-et-le-livre.com/non%20classé/le-petit-prince/

<p><strong>Gallimard, 1951</strong></p>
<p>in-8</p>
<p>Saint-Exupéry (Antoine de)</p>
<p>Le Petit Prince.</p>
<p>Paris, Éditions Gallimard, 1951, in-8, reliure en demi-chagrin noir à bandes, dos à cinq nerfs, titre doré, couvertures et dos conservés, illustré dans le texte.</p>
<p>Dos insolé, bel exemplaire de cette édition ancienne.</p>
<p>À la fois récit pour la jeunesse et méditation sur l’amitié, l’enfance et le sens de la vie, &#8220;Le Petit Prince&#8221; s’est imposé comme l’un des livres les plus traduits et les plus lus au monde. Paru pour la première fois en 1943 à New York.<br />
Cette édition d’après-guerre constitue un bel exemplaire de bibliophilie en reliure classique.</p>
<p><em>Etat: Dos insolé.<br />
Belle reliure en bon état.</em></p>
<p>Dimensions: 22,3 x 16,5 cm</p>
<p><small>Le prix du port est calcule selon la destination et le poids du colis.</small></p>

<p>Saint-Exupéry (Antoine de)</p>
<p>Le Petit Prince.</p>
<p>Belle édition ancienne de 1951.</p>
