{"id":22931,"date":"2026-03-12T14:58:41","date_gmt":"2026-03-12T13:58:41","guid":{"rendered":"https:\/\/limage-et-le-livre.com\/non%20class\u00e9\/essais-historiques-sur-paris\/"},"modified":"2026-03-14T14:24:55","modified_gmt":"2026-03-14T13:24:55","slug":"essais-historiques-sur-paris","status":"publish","type":"product","link":"https:\/\/limage-et-le-livre.com\/en\/books\/history\/essais-historiques-sur-paris\/","title":{"rendered":"Essais historiques sur Paris."},"content":{"rendered":"<p><strong>Paris, Veuve Duchesne, 1766<\/strong><\/p>\n<p>POULLAIN DE SAINT\u2011FOIX, Germain\u2011Fran\u00e7ois<\/p>\n<p>Essais historiques sur Paris.<br \/>\nParis, la veuve Duchesne, 1766\u20111777<\/p>\n<p>Sept volumes in\u201112. Tome I (1766) 370 pp. , tome II (1766) 336 pp. , tome III (1766) 373 pp. , tome IV (1766) 236 pp. , tome V (1766) 239 pp. + 139 pp. (table des mati\u00e8res), tome VI (1776) 486 pp. , tome VII (1777) 405 pp.<br \/>\nLa s\u00e9rie a \u00e9t\u00e9 publi\u00e9e d&#8217;abord en 5 volumes en 1766, d&#8217;ou la grande table des mati\u00e8res du tome 5. Puis dix en plus tard en 1776 un 6\u00e8eme tome qui devait \u00eatre le dernier, et enfin le tome 7 final en 1777.<\/p>\n<p>Reliure plein veau d\u2019\u00e9poque avec dos \u00e0 nerfs orn\u00e9s, pi\u00e8ces de titre et tomaison en maroquin rouge, tranches rouges. Portrait grav\u00e9 de l\u2019auteur en frontispice du tome I.<br \/>\nL\u00e9g\u00e8res usures aux coins et coiffes, reliures solides et homog\u00e8nes. Petite fissure du mors sup\u00e9rieur du tome 3. Int\u00e9rieurs frais.<br \/>\nOuvrage du XVIII\u1d49 si\u00e8cle qui d\u00e9crit Paris \u00e0 travers son histoire, ses rues, ses monuments et la vie quotidienne des habitants. Saint\u2011Foix m\u00eale faits historiques et anecdotes pour donner un portrait vivant de la ville avant la R\u00e9volution. Exemplaire complet et rare sur le march\u00e9.<\/p>\n<p><em>Etat: L\u00e9g\u00e8res usures aux coins et coiffes, reliures solides et homog\u00e8nes. Petite fissure du mors sup\u00e9rieur du tome 3.<\/em><\/p>\n<p>Dimensions: 16,5 x 10,5 cm<\/p>\n<p><small>Le prix du port est calcule selon la destination et le poids du colis.<\/small><\/p>\n","protected":false},"excerpt":{"rendered":"<p>Saint\u2011Foix d\u00e9crit Paris, ses rues, monuments et habitants, m\u00ealant anecdotes et faits historiques dans un style vivant et \u00e9rudit.<\/p>\n","protected":false},"featured_media":23148,"template":"","meta":[],"product_brand":[],"product_cat":[5128,5114],"product_tag":[652,1044],"class_list":{"0":"post-22931","1":"product","2":"type-product","3":"status-publish","4":"has-post-thumbnail","6":"product_cat-histoire","7":"product_cat-livres","8":"product_tag-histoire","9":"product_tag-paris","10":"pa_annee-de-publication-4526","11":"pa_editeur-veuve-duchesne","12":"pa_etat-de-conservation-bon","13":"pa_langue-francais","14":"pa_lieu-de-publication-paris","16":"first","17":"instock","18":"shipping-taxable","19":"purchasable","20":"product-type-simple"},"_links":{"self":[{"href":"https:\/\/limage-et-le-livre.com\/en\/wp-json\/wp\/v2\/product\/22931","targetHints":{"allow":["GET"]}}],"collection":[{"href":"https:\/\/limage-et-le-livre.com\/en\/wp-json\/wp\/v2\/product"}],"about":[{"href":"https:\/\/limage-et-le-livre.com\/en\/wp-json\/wp\/v2\/types\/product"}],"version-history":[{"count":1,"href":"https:\/\/limage-et-le-livre.com\/en\/wp-json\/wp\/v2\/product\/22931\/revisions"}],"predecessor-version":[{"id":22938,"href":"https:\/\/limage-et-le-livre.com\/en\/wp-json\/wp\/v2\/product\/22931\/revisions\/22938"}],"wp:featuredmedia":[{"embeddable":true,"href":"https:\/\/limage-et-le-livre.com\/en\/wp-json\/wp\/v2\/media\/23148"}],"wp:attachment":[{"href":"https:\/\/limage-et-le-livre.com\/en\/wp-json\/wp\/v2\/media?parent=22931"}],"wp:term":[{"taxonomy":"product_brand","embeddable":true,"href":"https:\/\/limage-et-le-livre.com\/en\/wp-json\/wp\/v2\/product_brand?post=22931"},{"taxonomy":"product_cat","embeddable":true,"href":"https:\/\/limage-et-le-livre.com\/en\/wp-json\/wp\/v2\/product_cat?post=22931"},{"taxonomy":"product_tag","embeddable":true,"href":"https:\/\/limage-et-le-livre.com\/en\/wp-json\/wp\/v2\/product_tag?post=22931"}],"curies":[{"name":"wp","href":"https:\/\/api.w.org\/{rel}","templated":true}]}}

https://limage-et-le-livre.com/non%20classé/essais-historiques-sur-paris/

<p><strong>Paris, Veuve Duchesne, 1766</strong></p>
<p>POULLAIN DE SAINT‑FOIX, Germain‑François</p>
<p>Essais historiques sur Paris.<br />
Paris, la veuve Duchesne, 1766‑1777</p>
<p>Sept volumes in‑12. Tome I (1766) 370 pp. , tome II (1766) 336 pp. , tome III (1766) 373 pp. , tome IV (1766) 236 pp. , tome V (1766) 239 pp. + 139 pp. (table des matières), tome VI (1776) 486 pp. , tome VII (1777) 405 pp.<br />
La série a été publiée d&#8217;abord en 5 volumes en 1766, d&#8217;ou la grande table des matières du tome 5. Puis dix en plus tard en 1776 un 6èeme tome qui devait être le dernier, et enfin le tome 7 final en 1777.</p>
<p>Reliure plein veau d’époque avec dos à nerfs ornés, pièces de titre et tomaison en maroquin rouge, tranches rouges. Portrait gravé de l’auteur en frontispice du tome I.<br />
Légères usures aux coins et coiffes, reliures solides et homogènes. Petite fissure du mors supérieur du tome 3. Intérieurs frais.<br />
Ouvrage du XVIIIᵉ siècle qui décrit Paris à travers son histoire, ses rues, ses monuments et la vie quotidienne des habitants. Saint‑Foix mêle faits historiques et anecdotes pour donner un portrait vivant de la ville avant la Révolution. Exemplaire complet et rare sur le marché.</p>
<p><em>Etat: Légères usures aux coins et coiffes, reliures solides et homogènes. Petite fissure du mors supérieur du tome 3.</em></p>
<p>Dimensions: 16,5 x 10,5 cm</p>
<p><small>Le prix du port est calcule selon la destination et le poids du colis.</small></p>

<p>Saint‑Foix décrit Paris, ses rues, monuments et habitants, mêlant anecdotes et faits historiques dans un style vivant et érudit.</p>
