{"id":24779,"date":"2026-04-28T15:15:43","date_gmt":"2026-04-28T13:15:43","guid":{"rendered":"https:\/\/limage-et-le-livre.com\/non class\u00e9\/oeuvres-illustrees-cyrano-de-bergerac-la-samaritaine-les-romanesques-laiglon-chantecler\/"},"modified":"2026-04-28T15:15:43","modified_gmt":"2026-04-28T13:15:43","slug":"oeuvres-illustrees-cyrano-de-bergerac-la-samaritaine-les-romanesques-laiglon-chantecler","status":"publish","type":"product","link":"https:\/\/limage-et-le-livre.com\/en\/books\/literature\/oeuvres-illustrees-cyrano-de-bergerac-la-samaritaine-les-romanesques-laiglon-chantecler\/","title":{"rendered":"Oeuvres illustr\u00e9es; Cyrano de Bergerac, La..."},"content":{"rendered":"<p><strong>Bruges, Pierre Lafitte, 1939<\/strong><\/p>\n<p>ROSTAND, Edmond.<br \/>\nOeuvres Illustr\u00e9es. <\/p>\n<p>Reliure sign\u00e9e.<br \/>\n77 hors texte par divers artistes, reproduits en phototypie et colori\u00e9s au patron.<br \/>\nPr\u00e9face de Madame Edmond Rostand (Rosemonde G\u00e9rard) avec croquis de l&#8217;auteur<br \/>\nPortrait grav\u00e9 sur cuivre par Pierre Gandon. Bandeaux et culs-de-lampe de Sylvain Sauvage grav\u00e9s sur bois par Gilbert Poilliot.<\/p>\n<p>Paris, Editions Pierre Laffitte, 1938- 1939 ; 5 volumes grand in-8\u00b0, pleine reliure en chagrin vert fonc\u00e9, dos \u00e0 5 nerfs. Auteur et titre dor\u00e9s, couverture et dos conserv\u00e9s.<br \/>\nEdition tir\u00e9e \u00e0 2575 exemplaires num\u00e9rot\u00e9s celui-ci 1 des 700 (452) sur v\u00e9lin pur fil Lafuma, contenant un double \u00e9tat des illustrations hors texte ( noir et couleurs).<\/p>\n<p>Bel exemplaire de cette \u00e9dition recherch\u00e9e et cot\u00e9e (cf. Carteret IV-350). Vol.1 . Cyrano de Bergerac. Illustrations de Drian. \/ Vol. 2. Chantecler. Illustrations de Mariette Lydis. \/ Vol. 3. L&#8217; Aiglon. Illustrations de A.E. Marty. \/ Vo. 4. La Samaritaine. La Princesse lointaine. Le Bois Sacr\u00e9. Illustrations de Sylvain Sauvage. \/ Vol. 5. Les Romanesques, La derni\u00e8re nuit de Don Juan. Les deux Pierrots. Illustrations de Auguste Leroux. <\/p>\n<p>A chaque volume bandeaux et culs-de-lampe de Sylvain Sauvage grav\u00e9s sur bois par Poilliot. <\/p>\n<p>On note de l\u00e9g\u00e8re traces sur les plats, sans gravit\u00e9.<\/p>\n<p><small>Le prix du port est calcule selon la destination et le poids du colis.<\/small><\/p>\n","protected":false},"excerpt":{"rendered":"<p>ROSTAND, Edmond.<br \/>\nOeuvres Illustr\u00e9es.<br \/>\n5 volumes, 77 hors texte, reliure sign\u00e9e.<br \/>\nTirage num\u00e9rot\u00e9.<\/p>\n","protected":false},"featured_media":24745,"template":"","meta":[],"product_brand":[],"product_cat":[5123,5114],"product_tag":[9566,8536,10519],"class_list":{"0":"post-24779","1":"product","2":"type-product","3":"status-publish","4":"has-post-thumbnail","6":"product_cat-litterature","7":"product_cat-livres","8":"product_tag-litterature-francaise","9":"product_tag-litterature-illustree","10":"product_tag-rostand","11":"pa_annee-de-publication-3556","12":"pa_editeur-pierre-lafitte","13":"pa_etat-de-conservation-bon","14":"pa_illustrateur-pierre-ganda-etienne-drian-sylvain-sauvageauguste-leroux-marty-mariette-lydis","15":"pa_langue-francais","16":"pa_lieu-de-publication-bruges","18":"first","19":"instock","20":"shipping-taxable","21":"purchasable","22":"product-type-simple"},"_links":{"self":[{"href":"https:\/\/limage-et-le-livre.com\/en\/wp-json\/wp\/v2\/product\/24779","targetHints":{"allow":["GET"]}}],"collection":[{"href":"https:\/\/limage-et-le-livre.com\/en\/wp-json\/wp\/v2\/product"}],"about":[{"href":"https:\/\/limage-et-le-livre.com\/en\/wp-json\/wp\/v2\/types\/product"}],"version-history":[{"count":0,"href":"https:\/\/limage-et-le-livre.com\/en\/wp-json\/wp\/v2\/product\/24779\/revisions"}],"wp:featuredmedia":[{"embeddable":true,"href":"https:\/\/limage-et-le-livre.com\/en\/wp-json\/wp\/v2\/media\/24745"}],"wp:attachment":[{"href":"https:\/\/limage-et-le-livre.com\/en\/wp-json\/wp\/v2\/media?parent=24779"}],"wp:term":[{"taxonomy":"product_brand","embeddable":true,"href":"https:\/\/limage-et-le-livre.com\/en\/wp-json\/wp\/v2\/product_brand?post=24779"},{"taxonomy":"product_cat","embeddable":true,"href":"https:\/\/limage-et-le-livre.com\/en\/wp-json\/wp\/v2\/product_cat?post=24779"},{"taxonomy":"product_tag","embeddable":true,"href":"https:\/\/limage-et-le-livre.com\/en\/wp-json\/wp\/v2\/product_tag?post=24779"}],"curies":[{"name":"wp","href":"https:\/\/api.w.org\/{rel}","templated":true}]}}

https://limage-et-le-livre.com/non classé/oeuvres-illustrees-cyrano-de-bergerac-la-samaritaine-les-romanesques-laiglon-chantecler/

Oeuvres illustrées; Cyrano de Bergerac, La...

<p><strong>Bruges, Pierre Lafitte, 1939</strong></p>
<p>ROSTAND, Edmond.<br />
Oeuvres Illustrées. </p>
<p>Reliure signée.<br />
77 hors texte par divers artistes, reproduits en phototypie et coloriés au patron.<br />
Préface de Madame Edmond Rostand (Rosemonde Gérard) avec croquis de l&#8217;auteur<br />
Portrait gravé sur cuivre par Pierre Gandon. Bandeaux et culs-de-lampe de Sylvain Sauvage gravés sur bois par Gilbert Poilliot.</p>
<p>Paris, Editions Pierre Laffitte, 1938- 1939 ; 5 volumes grand in-8°, pleine reliure en chagrin vert foncé, dos à 5 nerfs. Auteur et titre dorés, couverture et dos conservés.<br />
Edition tirée à 2575 exemplaires numérotés celui-ci 1 des 700 (452) sur vélin pur fil Lafuma, contenant un double état des illustrations hors texte ( noir et couleurs).</p>
<p>Bel exemplaire de cette édition recherchée et cotée (cf. Carteret IV-350). Vol.1 . Cyrano de Bergerac. Illustrations de Drian. / Vol. 2. Chantecler. Illustrations de Mariette Lydis. / Vol. 3. L&#8217; Aiglon. Illustrations de A.E. Marty. / Vo. 4. La Samaritaine. La Princesse lointaine. Le Bois Sacré. Illustrations de Sylvain Sauvage. / Vol. 5. Les Romanesques, La dernière nuit de Don Juan. Les deux Pierrots. Illustrations de Auguste Leroux. </p>
<p>A chaque volume bandeaux et culs-de-lampe de Sylvain Sauvage gravés sur bois par Poilliot. </p>
<p>On note de légère traces sur les plats, sans gravité.</p>
<p><small>Le prix du port est calcule selon la destination et le poids du colis.</small></p>

<p>ROSTAND, Edmond.<br />
Oeuvres Illustrées.<br />
5 volumes, 77 hors texte, reliure signée.<br />
Tirage numéroté.</p>
