{"id":24815,"date":"2026-04-29T13:49:34","date_gmt":"2026-04-29T11:49:34","guid":{"rendered":"https:\/\/limage-et-le-livre.com\/non%20class\u00e9\/notice-pittoresque-et-historique-sur-le-bois-de-boulogne-et-ses-environs\/"},"modified":"2026-04-29T13:51:37","modified_gmt":"2026-04-29T11:51:37","slug":"notice-pittoresque-et-historique-sur-le-bois-de-boulogne-et-ses-environs","status":"publish","type":"product","link":"https:\/\/limage-et-le-livre.com\/en\/books\/history\/notice-pittoresque-et-historique-sur-le-bois-de-boulogne-et-ses-environs\/","title":{"rendered":"Notice pittoresque et historique sur le..."},"content":{"rendered":"<p><strong>Paris, 1855<\/strong><\/p>\n<p>Notice pittoresque et historique sur le Bois de Boulogne et ses environs.<\/p>\n<p>G. D. Chef de bureau \u00e0 la Pr\u00e9fecture de Police de la Seine.<\/p>\n<p>Paris, Auguste Fontaine, 1855.<\/p>\n<p>In-12 broch\u00e9, 221 pp et table des mati\u00e8res.<br \/>\nAvec le plan nouveau de la Promenade, d\u00e9pliant, dress\u00e9 d&#8217;apr\u00e8s les documents officiels, grav\u00e9 par DELSOL. <\/p>\n<p>Dos fragile, rousseurs.<\/p>\n<p>Cette Notice s\u2019inscrit dans le contexte des transformations urbaines du Paris du XIX\u1d49 si\u00e8cle, marqu\u00e9es par la politique d\u2019am\u00e9nagement men\u00e9e sous Napol\u00e9on III. L\u2019ouvrage met en lumi\u00e8re la mutation du Bois de Boulogne, ancien domaine de chasse, en un espace public paysager destin\u00e9 aux loisirs et \u00e0 la promenade.<br \/>\nPar une approche descriptive et historique, il valorise les nouveaux am\u00e9nagements en soulignant une continuit\u00e9 patrimoniale.\n<\/p>\n<p><small>Le prix du port est calcule selon la destination et le poids du colis.<\/small><\/p>\n","protected":false},"excerpt":{"rendered":"<p>L&#8217;ouvrage met en avant les transformations de Paris sous Napol\u00e9on III et d\u00e9crit le Bois de Boulogne, pass\u00e9 de domaine de chasse \u00e0 parc public. Il valorise ses am\u00e9nagements et son h\u00e9ritage.<\/p>\n","protected":false},"featured_media":24816,"template":"","meta":[],"product_brand":[],"product_cat":[5128,5114,10422],"product_tag":[10529,9763,1044],"class_list":{"0":"post-24815","1":"product","2":"type-product","3":"status-publish","4":"has-post-thumbnail","6":"product_cat-histoire","7":"product_cat-livres","8":"product_cat-voyages","9":"product_tag-bois-de-boulogne","10":"product_tag-guide-de-voyage","11":"product_tag-paris","12":"pa_annee-de-publication-464","13":"pa_etat-de-conservation-assez-bon","14":"pa_langue-francais","15":"pa_lieu-de-publication-paris","17":"first","18":"instock","19":"shipping-taxable","20":"purchasable","21":"product-type-simple"},"_links":{"self":[{"href":"https:\/\/limage-et-le-livre.com\/en\/wp-json\/wp\/v2\/product\/24815","targetHints":{"allow":["GET"]}}],"collection":[{"href":"https:\/\/limage-et-le-livre.com\/en\/wp-json\/wp\/v2\/product"}],"about":[{"href":"https:\/\/limage-et-le-livre.com\/en\/wp-json\/wp\/v2\/types\/product"}],"version-history":[{"count":1,"href":"https:\/\/limage-et-le-livre.com\/en\/wp-json\/wp\/v2\/product\/24815\/revisions"}],"predecessor-version":[{"id":24828,"href":"https:\/\/limage-et-le-livre.com\/en\/wp-json\/wp\/v2\/product\/24815\/revisions\/24828"}],"wp:featuredmedia":[{"embeddable":true,"href":"https:\/\/limage-et-le-livre.com\/en\/wp-json\/wp\/v2\/media\/24816"}],"wp:attachment":[{"href":"https:\/\/limage-et-le-livre.com\/en\/wp-json\/wp\/v2\/media?parent=24815"}],"wp:term":[{"taxonomy":"product_brand","embeddable":true,"href":"https:\/\/limage-et-le-livre.com\/en\/wp-json\/wp\/v2\/product_brand?post=24815"},{"taxonomy":"product_cat","embeddable":true,"href":"https:\/\/limage-et-le-livre.com\/en\/wp-json\/wp\/v2\/product_cat?post=24815"},{"taxonomy":"product_tag","embeddable":true,"href":"https:\/\/limage-et-le-livre.com\/en\/wp-json\/wp\/v2\/product_tag?post=24815"}],"curies":[{"name":"wp","href":"https:\/\/api.w.org\/{rel}","templated":true}]}}

https://limage-et-le-livre.com/non%20classé/notice-pittoresque-et-historique-sur-le-bois-de-boulogne-et-ses-environs/

<p><strong>Paris, 1855</strong></p>
<p>Notice pittoresque et historique sur le Bois de Boulogne et ses environs.</p>
<p>G. D. Chef de bureau à la Préfecture de Police de la Seine.</p>
<p>Paris, Auguste Fontaine, 1855.</p>
<p>In-12 broché, 221 pp et table des matières.<br />
Avec le plan nouveau de la Promenade, dépliant, dressé d&#8217;après les documents officiels, gravé par DELSOL. </p>
<p>Dos fragile, rousseurs.</p>
<p>Cette Notice s’inscrit dans le contexte des transformations urbaines du Paris du XIXᵉ siècle, marquées par la politique d’aménagement menée sous Napoléon III. L’ouvrage met en lumière la mutation du Bois de Boulogne, ancien domaine de chasse, en un espace public paysager destiné aux loisirs et à la promenade.<br />
Par une approche descriptive et historique, il valorise les nouveaux aménagements en soulignant une continuité patrimoniale.
</p>
<p><small>Le prix du port est calcule selon la destination et le poids du colis.</small></p>

<p>L&#8217;ouvrage met en avant les transformations de Paris sous Napoléon III et décrit le Bois de Boulogne, passé de domaine de chasse à parc public. Il valorise ses aménagements et son héritage.</p>
